{"id":1162,"date":"2025-01-28T11:34:20","date_gmt":"2025-01-28T10:34:20","guid":{"rendered":"https:\/\/cm.gca-digital.fr\/AliceD\/?page_id=1162"},"modified":"2025-05-27T14:26:58","modified_gmt":"2025-05-27T12:26:58","slug":"qui-suis-je","status":"publish","type":"page","link":"https:\/\/cm.gca-digital.fr\/AliceD\/qui-suis-je\/","title":{"rendered":"Qui suis-je ?"},"content":{"rendered":"\t\t<div data-elementor-type=\"wp-post\" data-elementor-id=\"1162\" class=\"elementor elementor-1162\">\n\t\t\t\t<div class=\"elementor-element elementor-element-a71a747 e-grid e-con-boxed e-con e-parent\" data-id=\"a71a747\" data-element_type=\"container\">\n\t\t\t\t\t<div class=\"e-con-inner\">\n\t\t\t\t\t<\/div>\n\t\t\t\t<\/div>\n\t\t<div class=\"elementor-element elementor-element-76e0347 e-flex e-con-boxed e-con e-parent\" data-id=\"76e0347\" data-element_type=\"container\">\n\t\t\t\t\t<div class=\"e-con-inner\">\n\t\t<div class=\"elementor-element elementor-element-6fb1235 e-con-full e-flex e-con e-child\" data-id=\"6fb1235\" data-element_type=\"container\">\n\t\t\t\t<div class=\"elementor-element elementor-element-90b6d61 elementor-widget elementor-widget-image\" data-id=\"90b6d61\" data-element_type=\"widget\" data-widget_type=\"image.default\">\n\t\t\t\t<div class=\"elementor-widget-container\">\n\t\t\t\t\t\t\t\t\t\t\t\t\t\t\t<img decoding=\"async\" src=\"https:\/\/cm.gca-digital.fr\/AliceD\/wp-content\/plugins\/elementor\/assets\/images\/placeholder.png\" title=\"\" alt=\"\" loading=\"lazy\" \/>\t\t\t\t\t\t\t\t\t\t\t\t\t\t\t<\/div>\n\t\t\t\t<\/div>\n\t\t\t\t<\/div>\n\t\t<div class=\"elementor-element elementor-element-18dd940 e-con-full e-flex e-con e-child\" data-id=\"18dd940\" data-element_type=\"container\">\n\t\t<div class=\"elementor-element elementor-element-c042156 e-con-full e-flex e-con e-child\" data-id=\"c042156\" data-element_type=\"container\">\n\t\t\t\t<div class=\"elementor-element elementor-element-4ea797c elementor-widget elementor-widget-heading\" data-id=\"4ea797c\" data-element_type=\"widget\" data-widget_type=\"heading.default\">\n\t\t\t\t<div class=\"elementor-widget-container\">\n\t\t\t\t\t<h2 class=\"elementor-heading-title elementor-size-default\">Ajoutez votre titre ici<\/h2>\t\t\t\t<\/div>\n\t\t\t\t<\/div>\n\t\t\t\t<\/div>\n\t\t<div class=\"elementor-element elementor-element-58137d0 e-con-full e-flex e-con e-child\" data-id=\"58137d0\" data-element_type=\"container\">\n\t\t\t\t<div class=\"elementor-element elementor-element-9c83a1e elementor-widget elementor-widget-text-editor\" data-id=\"9c83a1e\" data-element_type=\"widget\" data-widget_type=\"text-editor.default\">\n\t\t\t\t<div class=\"elementor-widget-container\">\n\t\t\t\t\t\t\t\t\t<p data-start=\"75\" data-end=\"412\">J\u2019ai toujours \u00e9t\u00e9 passionn\u00e9e par la mode et les v\u00eatements, mais il \u00e9tait tout aussi important pour moi de <strong data-start=\"181\" data-end=\"217\">consommer de mani\u00e8re responsable<\/strong>. En vendant sur Vinted, j\u2019ai pris conscience de la quantit\u00e9 incroyable d\u2019habits que j\u2019avais et que je recevais. C\u2019est l\u00e0 que l\u2019id\u00e9e m\u2019est venue : <strong data-start=\"364\" data-end=\"410\">pourquoi ne pas cr\u00e9er ma propre friperie ?<\/strong><\/p><p data-start=\"414\" data-end=\"614\">Allier <strong data-start=\"421\" data-end=\"470\">style, accessibilit\u00e9 et engagement \u00e9cologique<\/strong>, c\u2019est ce qui m\u2019anime aujourd\u2019hui. Offrir une seconde vie aux v\u00eatements tout en garantissant <strong data-start=\"564\" data-end=\"591\">qualit\u00e9 et transparence<\/strong>, c\u2019est ma priorit\u00e9 !<\/p>\t\t\t\t\t\t\t\t<\/div>\n\t\t\t\t<\/div>\n\t\t\t\t<\/div>\n\t\t\t\t<\/div>\n\t\t\t\t\t<\/div>\n\t\t\t\t<\/div>\n\t\t<div class=\"elementor-element elementor-element-f1d350c e-flex e-con-boxed e-con e-parent\" data-id=\"f1d350c\" data-element_type=\"container\">\n\t\t\t\t\t<div class=\"e-con-inner\">\n\t\t\t\t<div class=\"elementor-element elementor-element-b428258 elementor-widget elementor-widget-heading\" data-id=\"b428258\" data-element_type=\"widget\" data-widget_type=\"heading.default\">\n\t\t\t\t<div class=\"elementor-widget-container\">\n\t\t\t\t\t<h1 class=\"elementor-heading-title elementor-size-default\">Des v\u00eatement de seconde main<\/h1>\t\t\t\t<\/div>\n\t\t\t\t<\/div>\n\t\t\t\t\t<\/div>\n\t\t\t\t<\/div>\n\t\t<div class=\"elementor-element elementor-element-77be494 e-flex e-con-boxed e-con e-parent\" data-id=\"77be494\" data-element_type=\"container\">\n\t\t\t\t\t<div class=\"e-con-inner\">\n\t\t\t\t<div class=\"elementor-element elementor-element-045031e elementor-widget elementor-widget-text-editor\" data-id=\"045031e\" data-element_type=\"widget\" data-widget_type=\"text-editor.default\">\n\t\t\t\t<div class=\"elementor-widget-container\">\n\t\t\t\t\t\t\t\t\t<p data-start=\"124\" data-end=\"399\">Chez <strong data-start=\"129\" data-end=\"152\">[Nom de votre site]<\/strong>, nous donnons une seconde vie aux v\u00eatements tout en garantissant une <strong data-start=\"222\" data-end=\"247\">qualit\u00e9 irr\u00e9prochable<\/strong>. Chaque pi\u00e8ce (H&amp;M, Bershka, et bien d&rsquo;autres) est soigneusement s\u00e9lectionn\u00e9e, v\u00e9rifi\u00e9e, r\u00e9par\u00e9e si n\u00e9cessaire, et toujours <strong data-start=\"372\" data-end=\"396\">sans tache ni d\u00e9faut<\/strong>.<\/p><p data-start=\"401\" data-end=\"528\">\ud83d\udecd <strong data-start=\"404\" data-end=\"429\">Transparence garantie<\/strong> : Chaque article est d\u00e9crit avec pr\u00e9cision pour que vous sachiez exactement ce que vous achetez.<\/p><p data-start=\"530\" data-end=\"649\">\ud83d\ude80 <strong data-start=\"533\" data-end=\"564\">Un service rapide et soign\u00e9<\/strong> :<br data-start=\"566\" data-end=\"569\" \/>\u2714\ufe0f Exp\u00e9dition d\u00e8s le lendemain<br data-start=\"599\" data-end=\"602\" \/>\u2714\ufe0f Emballage soign\u00e9<br data-start=\"621\" data-end=\"624\" \/>\u2714\ufe0f Communication fluide<\/p><p data-start=\"651\" data-end=\"728\">Alice suit de pr\u00e8s les tendances et sait exactement ce qui vous plaira ! \ud83d\udc95<\/p><p data-start=\"730\" data-end=\"805\"><strong data-start=\"730\" data-end=\"803\">Donnez une nouvelle vie aux v\u00eatements, sans compromis sur la qualit\u00e9.<\/strong><\/p>\t\t\t\t\t\t\t\t<\/div>\n\t\t\t\t<\/div>\n\t\t\t\t\t<\/div>\n\t\t\t\t<\/div>\n\t\t<div class=\"elementor-element elementor-element-b5215bb e-flex e-con-boxed e-con e-parent\" data-id=\"b5215bb\" data-element_type=\"container\">\n\t\t\t\t\t<div class=\"e-con-inner\">\n\t\t\t\t\t<\/div>\n\t\t\t\t<\/div>\n\t\t\t\t<\/div>\n\t\t","protected":false},"excerpt":{"rendered":"<p>Ajoutez votre titre ici J\u2019ai toujours \u00e9t\u00e9 passionn\u00e9e par la mode et les v\u00eatements, mais il \u00e9tait tout aussi important pour moi de consommer de mani\u00e8re responsable. En vendant sur Vinted, j\u2019ai pris conscience de la quantit\u00e9 incroyable d\u2019habits que j\u2019avais et que je recevais. C\u2019est l\u00e0 que l\u2019id\u00e9e m\u2019est venue : pourquoi ne pas [&hellip;]<\/p>\n","protected":false},"author":1,"featured_media":0,"parent":0,"menu_order":0,"comment_status":"closed","ping_status":"closed","template":"","meta":{"ocean_post_layout":"full-screen","ocean_both_sidebars_style":"","ocean_both_sidebars_content_width":0,"ocean_both_sidebars_sidebars_width":0,"ocean_sidebar":"","ocean_second_sidebar":"","ocean_disable_margins":"on","ocean_add_body_class":"","ocean_shortcode_before_top_bar":"","ocean_shortcode_after_top_bar":"","ocean_shortcode_before_header":"","ocean_shortcode_after_header":"","ocean_has_shortcode":"","ocean_shortcode_after_title":"","ocean_shortcode_before_footer_widgets":"","ocean_shortcode_after_footer_widgets":"","ocean_shortcode_before_footer_bottom":"","ocean_shortcode_after_footer_bottom":"","ocean_display_top_bar":"default","ocean_display_header":"default","ocean_header_style":"","ocean_center_header_left_menu":"","ocean_custom_header_template":"","ocean_custom_logo":0,"ocean_custom_retina_logo":0,"ocean_custom_logo_max_width":0,"ocean_custom_logo_tablet_max_width":0,"ocean_custom_logo_mobile_max_width":0,"ocean_custom_logo_max_height":0,"ocean_custom_logo_tablet_max_height":0,"ocean_custom_logo_mobile_max_height":0,"ocean_header_custom_menu":"","ocean_menu_typo_font_family":"","ocean_menu_typo_font_subset":"","ocean_menu_typo_font_size":0,"ocean_menu_typo_font_size_tablet":0,"ocean_menu_typo_font_size_mobile":0,"ocean_menu_typo_font_size_unit":"px","ocean_menu_typo_font_weight":"","ocean_menu_typo_font_weight_tablet":"","ocean_menu_typo_font_weight_mobile":"","ocean_menu_typo_transform":"","ocean_menu_typo_transform_tablet":"","ocean_menu_typo_transform_mobile":"","ocean_menu_typo_line_height":0,"ocean_menu_typo_line_height_tablet":0,"ocean_menu_typo_line_height_mobile":0,"ocean_menu_typo_line_height_unit":"","ocean_menu_typo_spacing":0,"ocean_menu_typo_spacing_tablet":0,"ocean_menu_typo_spacing_mobile":0,"ocean_menu_typo_spacing_unit":"","ocean_menu_link_color":"","ocean_menu_link_color_hover":"","ocean_menu_link_color_active":"","ocean_menu_link_background":"","ocean_menu_link_hover_background":"","ocean_menu_link_active_background":"","ocean_menu_social_links_bg":"","ocean_menu_social_hover_links_bg":"","ocean_menu_social_links_color":"","ocean_menu_social_hover_links_color":"","ocean_disable_title":"on","ocean_disable_heading":"default","ocean_post_title":"","ocean_post_subheading":"","ocean_post_title_style":"","ocean_post_title_background_color":"","ocean_post_title_background":0,"ocean_post_title_bg_image_position":"","ocean_post_title_bg_image_attachment":"","ocean_post_title_bg_image_repeat":"","ocean_post_title_bg_image_size":"","ocean_post_title_height":0,"ocean_post_title_bg_overlay":0.5,"ocean_post_title_bg_overlay_color":"","ocean_disable_breadcrumbs":"default","ocean_breadcrumbs_color":"","ocean_breadcrumbs_separator_color":"","ocean_breadcrumbs_links_color":"","ocean_breadcrumbs_links_hover_color":"","ocean_display_footer_widgets":"default","ocean_display_footer_bottom":"default","ocean_custom_footer_template":"","footnotes":""},"class_list":["post-1162","page","type-page","status-publish","hentry","entry","owp-thumbs-layout-horizontal","owp-btn-normal","owp-tabs-layout-horizontal","has-no-thumbnails","has-product-nav"],"yoast_head":"<!-- This site is optimized with the Yoast SEO plugin v25.1 - https:\/\/yoast.com\/wordpress\/plugins\/seo\/ -->\n<title>Qui suis-je ? - Les p\u00e9pites d&#039;Alice<\/title>\n<meta name=\"robots\" content=\"noindex, follow, max-snippet:-1, max-image-preview:large, max-video-preview:-1\" \/>\n<meta property=\"og:locale\" content=\"fr_FR\" \/>\n<meta property=\"og:type\" content=\"article\" \/>\n<meta property=\"og:title\" content=\"Qui suis-je ? - Les p\u00e9pites d&#039;Alice\" \/>\n<meta property=\"og:description\" content=\"Ajoutez votre titre ici J\u2019ai toujours \u00e9t\u00e9 passionn\u00e9e par la mode et les v\u00eatements, mais il \u00e9tait tout aussi important pour moi de consommer de mani\u00e8re responsable. En vendant sur Vinted, j\u2019ai pris conscience de la quantit\u00e9 incroyable d\u2019habits que j\u2019avais et que je recevais. C\u2019est l\u00e0 que l\u2019id\u00e9e m\u2019est venue : pourquoi ne pas [&hellip;]\" \/>\n<meta property=\"og:url\" content=\"https:\/\/cm.gca-digital.fr\/AliceD\/qui-suis-je\/\" \/>\n<meta property=\"og:site_name\" content=\"Les p\u00e9pites d&#039;Alice\" \/>\n<meta property=\"article:modified_time\" content=\"2025-05-27T12:26:58+00:00\" \/>\n<meta property=\"og:image\" content=\"https:\/\/cm.gca-digital.fr\/AliceD\/wp-content\/plugins\/elementor\/assets\/images\/placeholder.png\" \/>\n<meta name=\"twitter:card\" content=\"summary_large_image\" \/>\n<meta name=\"twitter:label1\" content=\"Dur\u00e9e de lecture estim\u00e9e\" \/>\n\t<meta name=\"twitter:data1\" content=\"2 minutes\" \/>\n<script type=\"application\/ld+json\" class=\"yoast-schema-graph\">{\"@context\":\"https:\/\/schema.org\",\"@graph\":[{\"@type\":\"WebPage\",\"@id\":\"https:\/\/cm.gca-digital.fr\/AliceD\/qui-suis-je\/\",\"url\":\"https:\/\/cm.gca-digital.fr\/AliceD\/qui-suis-je\/\",\"name\":\"Qui suis-je ? - Les p\u00e9pites d&#039;Alice\",\"isPartOf\":{\"@id\":\"https:\/\/cm.gca-digital.fr\/AliceD\/#website\"},\"primaryImageOfPage\":{\"@id\":\"https:\/\/cm.gca-digital.fr\/AliceD\/qui-suis-je\/#primaryimage\"},\"image\":{\"@id\":\"https:\/\/cm.gca-digital.fr\/AliceD\/qui-suis-je\/#primaryimage\"},\"thumbnailUrl\":\"https:\/\/cm.gca-digital.fr\/AliceD\/wp-content\/plugins\/elementor\/assets\/images\/placeholder.png\",\"datePublished\":\"2025-01-28T10:34:20+00:00\",\"dateModified\":\"2025-05-27T12:26:58+00:00\",\"breadcrumb\":{\"@id\":\"https:\/\/cm.gca-digital.fr\/AliceD\/qui-suis-je\/#breadcrumb\"},\"inLanguage\":\"fr-FR\",\"potentialAction\":[{\"@type\":\"ReadAction\",\"target\":[\"https:\/\/cm.gca-digital.fr\/AliceD\/qui-suis-je\/\"]}]},{\"@type\":\"ImageObject\",\"inLanguage\":\"fr-FR\",\"@id\":\"https:\/\/cm.gca-digital.fr\/AliceD\/qui-suis-je\/#primaryimage\",\"url\":\"https:\/\/cm.gca-digital.fr\/AliceD\/wp-content\/plugins\/elementor\/assets\/images\/placeholder.png\",\"contentUrl\":\"https:\/\/cm.gca-digital.fr\/AliceD\/wp-content\/plugins\/elementor\/assets\/images\/placeholder.png\"},{\"@type\":\"BreadcrumbList\",\"@id\":\"https:\/\/cm.gca-digital.fr\/AliceD\/qui-suis-je\/#breadcrumb\",\"itemListElement\":[{\"@type\":\"ListItem\",\"position\":1,\"name\":\"Accueil\",\"item\":\"https:\/\/cm.gca-digital.fr\/AliceD\/\"},{\"@type\":\"ListItem\",\"position\":2,\"name\":\"Qui suis-je ?\"}]},{\"@type\":\"WebSite\",\"@id\":\"https:\/\/cm.gca-digital.fr\/AliceD\/#website\",\"url\":\"https:\/\/cm.gca-digital.fr\/AliceD\/\",\"name\":\"Les p\u00e9pites d'Alice\",\"description\":\"\",\"publisher\":{\"@id\":\"https:\/\/cm.gca-digital.fr\/AliceD\/#organization\"},\"potentialAction\":[{\"@type\":\"SearchAction\",\"target\":{\"@type\":\"EntryPoint\",\"urlTemplate\":\"https:\/\/cm.gca-digital.fr\/AliceD\/?s={search_term_string}\"},\"query-input\":{\"@type\":\"PropertyValueSpecification\",\"valueRequired\":true,\"valueName\":\"search_term_string\"}}],\"inLanguage\":\"fr-FR\"},{\"@type\":\"Organization\",\"@id\":\"https:\/\/cm.gca-digital.fr\/AliceD\/#organization\",\"name\":\"Les p\u00e9pites d'Alice\",\"url\":\"https:\/\/cm.gca-digital.fr\/AliceD\/\",\"logo\":{\"@type\":\"ImageObject\",\"inLanguage\":\"fr-FR\",\"@id\":\"https:\/\/cm.gca-digital.fr\/AliceD\/#\/schema\/logo\/image\/\",\"url\":\"https:\/\/cm.gca-digital.fr\/AliceD\/wp-content\/uploads\/2025\/01\/cropped-LOGO-RVB-300X300-1.png\",\"contentUrl\":\"https:\/\/cm.gca-digital.fr\/AliceD\/wp-content\/uploads\/2025\/01\/cropped-LOGO-RVB-300X300-1.png\",\"width\":308,\"height\":300,\"caption\":\"Les p\u00e9pites d'Alice\"},\"image\":{\"@id\":\"https:\/\/cm.gca-digital.fr\/AliceD\/#\/schema\/logo\/image\/\"},\"sameAs\":[\"https:\/\/www.instagram.com\/lespepitesdalice.cave\/\"]}]}<\/script>\n<!-- \/ Yoast SEO plugin. -->","yoast_head_json":{"title":"Qui suis-je ? - Les p\u00e9pites d&#039;Alice","robots":{"index":"noindex","follow":"follow","max-snippet":"max-snippet:-1","max-image-preview":"max-image-preview:large","max-video-preview":"max-video-preview:-1"},"og_locale":"fr_FR","og_type":"article","og_title":"Qui suis-je ? - Les p\u00e9pites d&#039;Alice","og_description":"Ajoutez votre titre ici J\u2019ai toujours \u00e9t\u00e9 passionn\u00e9e par la mode et les v\u00eatements, mais il \u00e9tait tout aussi important pour moi de consommer de mani\u00e8re responsable. En vendant sur Vinted, j\u2019ai pris conscience de la quantit\u00e9 incroyable d\u2019habits que j\u2019avais et que je recevais. C\u2019est l\u00e0 que l\u2019id\u00e9e m\u2019est venue : pourquoi ne pas [&hellip;]","og_url":"https:\/\/cm.gca-digital.fr\/AliceD\/qui-suis-je\/","og_site_name":"Les p\u00e9pites d&#039;Alice","article_modified_time":"2025-05-27T12:26:58+00:00","og_image":[{"url":"https:\/\/cm.gca-digital.fr\/AliceD\/wp-content\/plugins\/elementor\/assets\/images\/placeholder.png","type":"","width":"","height":""}],"twitter_card":"summary_large_image","twitter_misc":{"Dur\u00e9e de lecture estim\u00e9e":"2 minutes"},"schema":{"@context":"https:\/\/schema.org","@graph":[{"@type":"WebPage","@id":"https:\/\/cm.gca-digital.fr\/AliceD\/qui-suis-je\/","url":"https:\/\/cm.gca-digital.fr\/AliceD\/qui-suis-je\/","name":"Qui suis-je ? - Les p\u00e9pites d&#039;Alice","isPartOf":{"@id":"https:\/\/cm.gca-digital.fr\/AliceD\/#website"},"primaryImageOfPage":{"@id":"https:\/\/cm.gca-digital.fr\/AliceD\/qui-suis-je\/#primaryimage"},"image":{"@id":"https:\/\/cm.gca-digital.fr\/AliceD\/qui-suis-je\/#primaryimage"},"thumbnailUrl":"https:\/\/cm.gca-digital.fr\/AliceD\/wp-content\/plugins\/elementor\/assets\/images\/placeholder.png","datePublished":"2025-01-28T10:34:20+00:00","dateModified":"2025-05-27T12:26:58+00:00","breadcrumb":{"@id":"https:\/\/cm.gca-digital.fr\/AliceD\/qui-suis-je\/#breadcrumb"},"inLanguage":"fr-FR","potentialAction":[{"@type":"ReadAction","target":["https:\/\/cm.gca-digital.fr\/AliceD\/qui-suis-je\/"]}]},{"@type":"ImageObject","inLanguage":"fr-FR","@id":"https:\/\/cm.gca-digital.fr\/AliceD\/qui-suis-je\/#primaryimage","url":"https:\/\/cm.gca-digital.fr\/AliceD\/wp-content\/plugins\/elementor\/assets\/images\/placeholder.png","contentUrl":"https:\/\/cm.gca-digital.fr\/AliceD\/wp-content\/plugins\/elementor\/assets\/images\/placeholder.png"},{"@type":"BreadcrumbList","@id":"https:\/\/cm.gca-digital.fr\/AliceD\/qui-suis-je\/#breadcrumb","itemListElement":[{"@type":"ListItem","position":1,"name":"Accueil","item":"https:\/\/cm.gca-digital.fr\/AliceD\/"},{"@type":"ListItem","position":2,"name":"Qui suis-je ?"}]},{"@type":"WebSite","@id":"https:\/\/cm.gca-digital.fr\/AliceD\/#website","url":"https:\/\/cm.gca-digital.fr\/AliceD\/","name":"Les p\u00e9pites d'Alice","description":"","publisher":{"@id":"https:\/\/cm.gca-digital.fr\/AliceD\/#organization"},"potentialAction":[{"@type":"SearchAction","target":{"@type":"EntryPoint","urlTemplate":"https:\/\/cm.gca-digital.fr\/AliceD\/?s={search_term_string}"},"query-input":{"@type":"PropertyValueSpecification","valueRequired":true,"valueName":"search_term_string"}}],"inLanguage":"fr-FR"},{"@type":"Organization","@id":"https:\/\/cm.gca-digital.fr\/AliceD\/#organization","name":"Les p\u00e9pites d'Alice","url":"https:\/\/cm.gca-digital.fr\/AliceD\/","logo":{"@type":"ImageObject","inLanguage":"fr-FR","@id":"https:\/\/cm.gca-digital.fr\/AliceD\/#\/schema\/logo\/image\/","url":"https:\/\/cm.gca-digital.fr\/AliceD\/wp-content\/uploads\/2025\/01\/cropped-LOGO-RVB-300X300-1.png","contentUrl":"https:\/\/cm.gca-digital.fr\/AliceD\/wp-content\/uploads\/2025\/01\/cropped-LOGO-RVB-300X300-1.png","width":308,"height":300,"caption":"Les p\u00e9pites d'Alice"},"image":{"@id":"https:\/\/cm.gca-digital.fr\/AliceD\/#\/schema\/logo\/image\/"},"sameAs":["https:\/\/www.instagram.com\/lespepitesdalice.cave\/"]}]}},"_links":{"self":[{"href":"https:\/\/cm.gca-digital.fr\/AliceD\/wp-json\/wp\/v2\/pages\/1162","targetHints":{"allow":["GET"]}}],"collection":[{"href":"https:\/\/cm.gca-digital.fr\/AliceD\/wp-json\/wp\/v2\/pages"}],"about":[{"href":"https:\/\/cm.gca-digital.fr\/AliceD\/wp-json\/wp\/v2\/types\/page"}],"author":[{"embeddable":true,"href":"https:\/\/cm.gca-digital.fr\/AliceD\/wp-json\/wp\/v2\/users\/1"}],"replies":[{"embeddable":true,"href":"https:\/\/cm.gca-digital.fr\/AliceD\/wp-json\/wp\/v2\/comments?post=1162"}],"version-history":[{"count":10,"href":"https:\/\/cm.gca-digital.fr\/AliceD\/wp-json\/wp\/v2\/pages\/1162\/revisions"}],"predecessor-version":[{"id":1612,"href":"https:\/\/cm.gca-digital.fr\/AliceD\/wp-json\/wp\/v2\/pages\/1162\/revisions\/1612"}],"wp:attachment":[{"href":"https:\/\/cm.gca-digital.fr\/AliceD\/wp-json\/wp\/v2\/media?parent=1162"}],"curies":[{"name":"wp","href":"https:\/\/api.w.org\/{rel}","templated":true}]}}