{"id":1427,"date":"2025-03-31T09:34:17","date_gmt":"2025-03-31T07:34:17","guid":{"rendered":"https:\/\/cm.gca-digital.fr\/AliceD\/?page_id=1427"},"modified":"2025-04-01T10:35:36","modified_gmt":"2025-04-01T08:35:36","slug":"la-cave-boutique","status":"publish","type":"page","link":"https:\/\/cm.gca-digital.fr\/AliceD\/la-cave-boutique\/","title":{"rendered":"La Cave"},"content":{"rendered":"\t\t<div data-elementor-type=\"wp-post\" data-elementor-id=\"1427\" class=\"elementor elementor-1427\">\n\t\t\t\t\t\t<section class=\"elementor-section elementor-top-section elementor-element elementor-element-z6uj8ys elementor-section-height-min-height elementor-section-boxed elementor-section-height-default elementor-section-items-middle\" data-id=\"z6uj8ys\" data-element_type=\"section\" data-settings=\"{&quot;background_background&quot;:&quot;slideshow&quot;,&quot;background_slideshow_gallery&quot;:[{&quot;id&quot;:1255,&quot;url&quot;:&quot;https:\\\/\\\/cm.gca-digital.fr\\\/AliceD\\\/wp-content\\\/uploads\\\/2025\\\/02\\\/pexels-ekrulila-18338619-scaled.jpg&quot;}],&quot;background_slideshow_ken_burns&quot;:&quot;yes&quot;,&quot;background_slideshow_loop&quot;:&quot;yes&quot;,&quot;background_slideshow_slide_duration&quot;:5000,&quot;background_slideshow_slide_transition&quot;:&quot;fade&quot;,&quot;background_slideshow_transition_duration&quot;:500,&quot;background_slideshow_ken_burns_zoom_direction&quot;:&quot;in&quot;}\">\n\t\t\t\t\t\t\t<div class=\"elementor-background-overlay\"><\/div>\n\t\t\t\t\t\t\t<div class=\"elementor-container elementor-column-gap-default\">\n\t\t\t\t\t<div class=\"elementor-column elementor-col-50 elementor-top-column elementor-element elementor-element-bdwthlz\" data-id=\"bdwthlz\" data-element_type=\"column\">\n\t\t\t<div class=\"elementor-widget-wrap elementor-element-populated\">\n\t\t\t\t\t\t<div class=\"elementor-element elementor-element-yrejmau hero-title elementor-widget elementor-widget-heading\" data-id=\"yrejmau\" data-element_type=\"widget\" data-widget_type=\"heading.default\">\n\t\t\t\t<div class=\"elementor-widget-container\">\n\t\t\t\t\t<h2 class=\"elementor-heading-title elementor-size-default\">La cave d'Alice<\/h2>\t\t\t\t<\/div>\n\t\t\t\t<\/div>\n\t\t\t\t\t<\/div>\n\t\t<\/div>\n\t\t\t\t<div class=\"elementor-column elementor-col-50 elementor-top-column elementor-element elementor-element-ix6xr75\" data-id=\"ix6xr75\" data-element_type=\"column\">\n\t\t\t<div class=\"elementor-widget-wrap\">\n\t\t\t\t\t\t\t<\/div>\n\t\t<\/div>\n\t\t\t\t\t<\/div>\n\t\t<\/section>\n\t\t<div class=\"elementor-element elementor-element-a77e3a2 e-flex e-con-boxed e-con e-parent\" data-id=\"a77e3a2\" data-element_type=\"container\">\n\t\t\t\t\t<div class=\"e-con-inner\">\n\t\t\t\t<div class=\"elementor-element elementor-element-c7c6d8b elementor-widget elementor-widget-text-editor\" data-id=\"c7c6d8b\" data-element_type=\"widget\" data-widget_type=\"text-editor.default\">\n\t\t\t\t<div class=\"elementor-widget-container\">\n\t\t\t\t\t\t\t\t\t<p>Lorem ipsum dolor sit amet, consectetur adipiscing elit. Ut elit tellus, luctus nec ullamcorper mattis, pulvinar dapibus leo.<\/p><p>Lorem ipsum dolor sit amet, consectetur adipiscing elit. Ut elit tellus, luctus nec ullamcorper mattis, pulvinar dapibus leo.<\/p><p>Lorem ipsum dolor sit amet, consectetur adipiscing elit. Ut elit tellus, luctus nec ullamcorper mattis, pulvinar dapibus leo.<\/p>\t\t\t\t\t\t\t\t<\/div>\n\t\t\t\t<\/div>\n\t\t\t\t<div class=\"elementor-element elementor-element-46085ec elementor-widget elementor-widget-shortcode\" data-id=\"46085ec\" data-element_type=\"widget\" data-widget_type=\"shortcode.default\">\n\t\t\t\t<div class=\"elementor-widget-container\">\n\t\t\t\t\t\t\t<div class=\"elementor-shortcode\"><div class=\"woocommerce columns-4 \">\r\n<ul class=\"products oceanwp-row clr grid tablet-col tablet-2-col\">\r\n<li class=\"entry has-media has-product-nav col span_1_of_4 owp-content-center owp-thumbs-layout-horizontal owp-btn-normal owp-tabs-layout-horizontal product type-product post-1565 status-publish first instock product_cat-vin has-post-thumbnail shipping-taxable purchasable product-type-simple\">\n\t<div class=\"product-inner clr\">\r\n\t<div class=\"woo-entry-image-swap woo-entry-image clr\">\r\n\t\t<a href=\"https:\/\/cm.gca-digital.fr\/AliceD\/produit\/floc\/\" class=\"woocommerce-LoopProduct-link\"><img fetchpriority=\"high\" decoding=\"async\" width=\"265\" height=\"331\" src=\"https:\/\/cm.gca-digital.fr\/AliceD\/wp-content\/uploads\/2025\/04\/IMG_0756-265x331.jpg\" class=\"woo-entry-image-main\" alt=\"Floc\" itemprop=\"image\" \/><img decoding=\"async\" width=\"265\" height=\"331\" src=\"https:\/\/cm.gca-digital.fr\/AliceD\/wp-content\/uploads\/2025\/04\/IMG_0756-265x331.jpg\" class=\"woo-entry-image-secondary\" alt=\"Floc\" itemprop=\"image\" \/><\/a><a href=\"#\" id=\"product_id_1565\" class=\"owp-quick-view\" data-product_id=\"1565\" aria-label=\"Pr\u00e9visualiser rapidement le produit Floc\"><i class=\" icon-eye\" aria-hidden=\"true\" role=\"img\"><\/i> Vue rapide<\/a>\t<\/div><!-- .woo-entry-image-swap -->\r\n\r\n<ul class=\"woo-entry-inner clr\"><li class=\"image-wrap\">\r\n\t<div class=\"woo-entry-image-swap woo-entry-image clr\">\r\n\t\t<a href=\"https:\/\/cm.gca-digital.fr\/AliceD\/produit\/floc\/\" class=\"woocommerce-LoopProduct-link\"><img fetchpriority=\"high\" decoding=\"async\" width=\"265\" height=\"331\" src=\"https:\/\/cm.gca-digital.fr\/AliceD\/wp-content\/uploads\/2025\/04\/IMG_0756-265x331.jpg\" class=\"woo-entry-image-main\" alt=\"Floc\" itemprop=\"image\" \/><img decoding=\"async\" width=\"265\" height=\"331\" src=\"https:\/\/cm.gca-digital.fr\/AliceD\/wp-content\/uploads\/2025\/04\/IMG_0756-265x331.jpg\" class=\"woo-entry-image-secondary\" alt=\"Floc\" itemprop=\"image\" \/><\/a><a href=\"#\" id=\"product_id_1565\" class=\"owp-quick-view\" data-product_id=\"1565\" aria-label=\"Pr\u00e9visualiser rapidement le produit Floc\"><i class=\" icon-eye\" aria-hidden=\"true\" role=\"img\"><\/i> Vue rapide<\/a>\t<\/div><!-- .woo-entry-image-swap -->\r\n\r\n<\/li><li class=\"category\"><a href=\"https:\/\/cm.gca-digital.fr\/AliceD\/categorie-produit\/vin\/\" rel=\"tag\">Vin<\/a><\/li><li class=\"title\"><h2><a href=\"https:\/\/cm.gca-digital.fr\/AliceD\/produit\/floc\/\">Floc<\/a><\/h2><\/li><li class=\"price-wrap\">\n\t<span class=\"price\"><span class=\"woocommerce-Price-amount amount\"><bdi>10,00&nbsp;<span class=\"woocommerce-Price-currencySymbol\">&euro;<\/span><\/bdi><\/span><\/span>\n<\/li><li class=\"rating\"><\/li><li class=\"btn-wrap clr\"><a href=\"?add-to-cart=1565\" aria-describedby=\"woocommerce_loop_add_to_cart_link_describedby_1565\" data-quantity=\"1\" class=\"button product_type_simple add_to_cart_button ajax_add_to_cart\" data-product_id=\"1565\" data-product_sku=\"\" aria-label=\"Ajouter au panier\u00a0: &ldquo;Floc&rdquo;\" rel=\"nofollow\" data-success_message=\"\u00ab\u00a0Floc\u00a0\u00bb a \u00e9t\u00e9 ajout\u00e9 \u00e0 votre panier\">Ajouter au panier<\/a>\t<span id=\"woocommerce_loop_add_to_cart_link_describedby_1565\" class=\"screen-reader-text\">\n\t\t\t<\/span>\n<\/li><\/ul><\/div><!-- .product-inner .clr --><\/li>\n<li class=\"entry has-media has-product-nav col span_1_of_4 owp-content-center owp-thumbs-layout-horizontal owp-btn-normal owp-tabs-layout-horizontal product type-product post-1564 status-publish instock product_cat-vin has-post-thumbnail shipping-taxable purchasable product-type-simple\">\n\t<div class=\"product-inner clr\">\r\n\t<div class=\"woo-entry-image-swap woo-entry-image clr\">\r\n\t\t<a href=\"https:\/\/cm.gca-digital.fr\/AliceD\/produit\/gaia\/\" class=\"woocommerce-LoopProduct-link\"><img decoding=\"async\" width=\"265\" height=\"331\" src=\"https:\/\/cm.gca-digital.fr\/AliceD\/wp-content\/uploads\/2025\/04\/IMG_0746-265x331.jpg\" class=\"woo-entry-image-main\" alt=\"Ga\u00efa\" itemprop=\"image\" \/><img loading=\"lazy\" decoding=\"async\" width=\"265\" height=\"331\" src=\"https:\/\/cm.gca-digital.fr\/AliceD\/wp-content\/uploads\/2025\/04\/IMG_0746-265x331.jpg\" class=\"woo-entry-image-secondary\" alt=\"Ga\u00efa\" itemprop=\"image\" \/><\/a><a href=\"#\" id=\"product_id_1564\" class=\"owp-quick-view\" data-product_id=\"1564\" aria-label=\"Pr\u00e9visualiser rapidement le produit Ga\u00efa\"><i class=\" icon-eye\" aria-hidden=\"true\" role=\"img\"><\/i> Vue rapide<\/a>\t<\/div><!-- .woo-entry-image-swap -->\r\n\r\n<ul class=\"woo-entry-inner clr\"><li class=\"image-wrap\">\r\n\t<div class=\"woo-entry-image-swap woo-entry-image clr\">\r\n\t\t<a href=\"https:\/\/cm.gca-digital.fr\/AliceD\/produit\/gaia\/\" class=\"woocommerce-LoopProduct-link\"><img decoding=\"async\" width=\"265\" height=\"331\" src=\"https:\/\/cm.gca-digital.fr\/AliceD\/wp-content\/uploads\/2025\/04\/IMG_0746-265x331.jpg\" class=\"woo-entry-image-main\" alt=\"Ga\u00efa\" itemprop=\"image\" \/><img loading=\"lazy\" decoding=\"async\" width=\"265\" height=\"331\" src=\"https:\/\/cm.gca-digital.fr\/AliceD\/wp-content\/uploads\/2025\/04\/IMG_0746-265x331.jpg\" class=\"woo-entry-image-secondary\" alt=\"Ga\u00efa\" itemprop=\"image\" \/><\/a><a href=\"#\" id=\"product_id_1564\" class=\"owp-quick-view\" data-product_id=\"1564\" aria-label=\"Pr\u00e9visualiser rapidement le produit Ga\u00efa\"><i class=\" icon-eye\" aria-hidden=\"true\" role=\"img\"><\/i> Vue rapide<\/a>\t<\/div><!-- .woo-entry-image-swap -->\r\n\r\n<\/li><li class=\"category\"><a href=\"https:\/\/cm.gca-digital.fr\/AliceD\/categorie-produit\/vin\/\" rel=\"tag\">Vin<\/a><\/li><li class=\"title\"><h2><a href=\"https:\/\/cm.gca-digital.fr\/AliceD\/produit\/gaia\/\">Ga\u00efa<\/a><\/h2><\/li><li class=\"price-wrap\">\n\t<span class=\"price\"><span class=\"woocommerce-Price-amount amount\"><bdi>10,00&nbsp;<span class=\"woocommerce-Price-currencySymbol\">&euro;<\/span><\/bdi><\/span><\/span>\n<\/li><li class=\"rating\"><\/li><li class=\"btn-wrap clr\"><a href=\"?add-to-cart=1564\" aria-describedby=\"woocommerce_loop_add_to_cart_link_describedby_1564\" data-quantity=\"1\" class=\"button product_type_simple add_to_cart_button ajax_add_to_cart\" data-product_id=\"1564\" data-product_sku=\"\" aria-label=\"Ajouter au panier\u00a0: &ldquo;Ga\u00efa&rdquo;\" rel=\"nofollow\" data-success_message=\"\u00ab\u00a0Ga\u00efa\u00a0\u00bb a \u00e9t\u00e9 ajout\u00e9 \u00e0 votre panier\">Ajouter au panier<\/a>\t<span id=\"woocommerce_loop_add_to_cart_link_describedby_1564\" class=\"screen-reader-text\">\n\t\t\t<\/span>\n<\/li><\/ul><\/div><!-- .product-inner .clr --><\/li>\n<li class=\"entry has-media has-product-nav col span_1_of_4 owp-content-center owp-thumbs-layout-horizontal owp-btn-normal owp-tabs-layout-horizontal has-no-thumbnails product type-product post-1425 status-publish instock product_cat-vin has-post-thumbnail shipping-taxable purchasable product-type-simple\">\n\t<div class=\"product-inner clr\">\r\n\t<div class=\"woo-entry-image clr\">\r\n\t\t<a href=\"https:\/\/cm.gca-digital.fr\/AliceD\/produit\/vin-blanc\/\" class=\"woocommerce-LoopProduct-link\"><img loading=\"lazy\" decoding=\"async\" width=\"265\" height=\"331\" src=\"https:\/\/cm.gca-digital.fr\/AliceD\/wp-content\/uploads\/2025\/03\/pexels-jose-antonio-otegui-auzmendi-2150489988-31372543-265x331.jpg\" class=\"woo-entry-image-main\" alt=\"Vin blanc\" itemprop=\"image\" \/><\/a><a href=\"#\" id=\"product_id_1425\" class=\"owp-quick-view\" data-product_id=\"1425\" aria-label=\"Pr\u00e9visualiser rapidement le produit Vin blanc\"><i class=\" icon-eye\" aria-hidden=\"true\" role=\"img\"><\/i> Vue rapide<\/a>\t<\/div><!-- .woo-entry-image -->\r\n\r\n<ul class=\"woo-entry-inner clr\"><li class=\"image-wrap\">\r\n\t<div class=\"woo-entry-image clr\">\r\n\t\t<a href=\"https:\/\/cm.gca-digital.fr\/AliceD\/produit\/vin-blanc\/\" class=\"woocommerce-LoopProduct-link\"><img loading=\"lazy\" decoding=\"async\" width=\"265\" height=\"331\" src=\"https:\/\/cm.gca-digital.fr\/AliceD\/wp-content\/uploads\/2025\/03\/pexels-jose-antonio-otegui-auzmendi-2150489988-31372543-265x331.jpg\" class=\"woo-entry-image-main\" alt=\"Vin blanc\" itemprop=\"image\" \/><\/a><a href=\"#\" id=\"product_id_1425\" class=\"owp-quick-view\" data-product_id=\"1425\" aria-label=\"Pr\u00e9visualiser rapidement le produit Vin blanc\"><i class=\" icon-eye\" aria-hidden=\"true\" role=\"img\"><\/i> Vue rapide<\/a>\t<\/div><!-- .woo-entry-image -->\r\n\r\n<\/li><li class=\"category\"><a href=\"https:\/\/cm.gca-digital.fr\/AliceD\/categorie-produit\/vin\/\" rel=\"tag\">Vin<\/a><\/li><li class=\"title\"><h2><a href=\"https:\/\/cm.gca-digital.fr\/AliceD\/produit\/vin-blanc\/\">Vin blanc<\/a><\/h2><\/li><li class=\"price-wrap\">\n\t<span class=\"price\"><span class=\"woocommerce-Price-amount amount\"><bdi>10,00&nbsp;<span class=\"woocommerce-Price-currencySymbol\">&euro;<\/span><\/bdi><\/span><\/span>\n<\/li><li class=\"rating\"><\/li><li class=\"btn-wrap clr\"><a href=\"?add-to-cart=1425\" aria-describedby=\"woocommerce_loop_add_to_cart_link_describedby_1425\" data-quantity=\"1\" class=\"button product_type_simple add_to_cart_button ajax_add_to_cart\" data-product_id=\"1425\" data-product_sku=\"\" aria-label=\"Ajouter au panier\u00a0: &ldquo;Vin blanc&rdquo;\" rel=\"nofollow\" data-success_message=\"\u00ab\u00a0Vin blanc\u00a0\u00bb a \u00e9t\u00e9 ajout\u00e9 \u00e0 votre panier\">Ajouter au panier<\/a>\t<span id=\"woocommerce_loop_add_to_cart_link_describedby_1425\" class=\"screen-reader-text\">\n\t\t\t<\/span>\n<\/li><\/ul><\/div><!-- .product-inner .clr --><\/li>\n<\/ul>\n<\/div><\/div>\n\t\t\t\t\t\t<\/div>\n\t\t\t\t<\/div>\n\t\t\t\t\t<\/div>\n\t\t\t\t<\/div>\n\t\t\t\t<section class=\"elementor-section elementor-top-section elementor-element elementor-element-17l3c36 elementor-section-boxed elementor-section-height-default elementor-section-height-default\" data-id=\"17l3c36\" data-element_type=\"section\">\n\t\t\t\t\t\t<div class=\"elementor-container elementor-column-gap-default\">\n\t\t\t\t\t<div class=\"elementor-column elementor-col-100 elementor-top-column elementor-element elementor-element-124vqup\" data-id=\"124vqup\" data-element_type=\"column\">\n\t\t\t<div class=\"elementor-widget-wrap elementor-element-populated\">\n\t\t\t\t\t\t<div class=\"elementor-element elementor-element-nje8e9h elementor-widget elementor-widget-heading\" data-id=\"nje8e9h\" data-element_type=\"widget\" data-widget_type=\"heading.default\">\n\t\t\t\t<div class=\"elementor-widget-container\">\n\t\t\t\t\t<h2 class=\"elementor-heading-title elementor-size-default\">D\u00c9COUVERTE<\/h2>\t\t\t\t<\/div>\n\t\t\t\t<\/div>\n\t\t\t\t<div class=\"elementor-element elementor-element-r0hzluw elementor-invisible elementor-widget elementor-widget-heading\" data-id=\"r0hzluw\" data-element_type=\"widget\" data-settings=\"{&quot;_animation&quot;:&quot;fadeIn&quot;}\" data-widget_type=\"heading.default\">\n\t\t\t\t<div class=\"elementor-widget-container\">\n\t\t\t\t\t<h2 class=\"elementor-heading-title elementor-size-default\">D\u00e9couverte <\/h2>\t\t\t\t<\/div>\n\t\t\t\t<\/div>\n\t\t\t\t\t<\/div>\n\t\t<\/div>\n\t\t\t\t\t<\/div>\n\t\t<\/section>\n\t\t<div class=\"elementor-element elementor-element-bb24445 e-flex e-con-boxed e-con e-parent\" data-id=\"bb24445\" data-element_type=\"container\">\n\t\t\t\t\t<div class=\"e-con-inner\">\n\t\t\t\t\t<\/div>\n\t\t\t\t<\/div>\n\t\t\t\t<\/div>\n\t\t","protected":false},"excerpt":{"rendered":"<p>La cave d&rsquo;Alice Lorem ipsum dolor sit amet, consectetur adipiscing elit. Ut elit tellus, luctus nec ullamcorper mattis, pulvinar dapibus leo. Lorem ipsum dolor sit amet, consectetur adipiscing elit. Ut elit tellus, luctus nec ullamcorper mattis, pulvinar dapibus leo. Lorem ipsum dolor sit amet, consectetur adipiscing elit. Ut elit tellus, luctus nec ullamcorper mattis, pulvinar [&hellip;]<\/p>\n","protected":false},"author":1,"featured_media":0,"parent":0,"menu_order":0,"comment_status":"closed","ping_status":"closed","template":"","meta":{"ocean_post_layout":"full-screen","ocean_both_sidebars_style":"","ocean_both_sidebars_content_width":0,"ocean_both_sidebars_sidebars_width":0,"ocean_sidebar":"","ocean_second_sidebar":"","ocean_disable_margins":"on","ocean_add_body_class":"","ocean_shortcode_before_top_bar":"","ocean_shortcode_after_top_bar":"","ocean_shortcode_before_header":"","ocean_shortcode_after_header":"","ocean_has_shortcode":"","ocean_shortcode_after_title":"","ocean_shortcode_before_footer_widgets":"","ocean_shortcode_after_footer_widgets":"","ocean_shortcode_before_footer_bottom":"","ocean_shortcode_after_footer_bottom":"","ocean_display_top_bar":"default","ocean_display_header":"default","ocean_header_style":"","ocean_center_header_left_menu":"","ocean_custom_header_template":"","ocean_custom_logo":0,"ocean_custom_retina_logo":0,"ocean_custom_logo_max_width":0,"ocean_custom_logo_tablet_max_width":0,"ocean_custom_logo_mobile_max_width":0,"ocean_custom_logo_max_height":0,"ocean_custom_logo_tablet_max_height":0,"ocean_custom_logo_mobile_max_height":0,"ocean_header_custom_menu":"","ocean_menu_typo_font_family":"","ocean_menu_typo_font_subset":"","ocean_menu_typo_font_size":0,"ocean_menu_typo_font_size_tablet":0,"ocean_menu_typo_font_size_mobile":0,"ocean_menu_typo_font_size_unit":"px","ocean_menu_typo_font_weight":"","ocean_menu_typo_font_weight_tablet":"","ocean_menu_typo_font_weight_mobile":"","ocean_menu_typo_transform":"","ocean_menu_typo_transform_tablet":"","ocean_menu_typo_transform_mobile":"","ocean_menu_typo_line_height":0,"ocean_menu_typo_line_height_tablet":0,"ocean_menu_typo_line_height_mobile":0,"ocean_menu_typo_line_height_unit":"","ocean_menu_typo_spacing":0,"ocean_menu_typo_spacing_tablet":0,"ocean_menu_typo_spacing_mobile":0,"ocean_menu_typo_spacing_unit":"","ocean_menu_link_color":"","ocean_menu_link_color_hover":"","ocean_menu_link_color_active":"","ocean_menu_link_background":"","ocean_menu_link_hover_background":"","ocean_menu_link_active_background":"","ocean_menu_social_links_bg":"","ocean_menu_social_hover_links_bg":"","ocean_menu_social_links_color":"","ocean_menu_social_hover_links_color":"","ocean_disable_title":"on","ocean_disable_heading":"default","ocean_post_title":"","ocean_post_subheading":"","ocean_post_title_style":"","ocean_post_title_background_color":"","ocean_post_title_background":0,"ocean_post_title_bg_image_position":"","ocean_post_title_bg_image_attachment":"","ocean_post_title_bg_image_repeat":"","ocean_post_title_bg_image_size":"","ocean_post_title_height":0,"ocean_post_title_bg_overlay":0.5,"ocean_post_title_bg_overlay_color":"","ocean_disable_breadcrumbs":"default","ocean_breadcrumbs_color":"","ocean_breadcrumbs_separator_color":"","ocean_breadcrumbs_links_color":"","ocean_breadcrumbs_links_hover_color":"","ocean_display_footer_widgets":"default","ocean_display_footer_bottom":"default","ocean_custom_footer_template":"","footnotes":""},"class_list":["post-1427","page","type-page","status-publish","hentry","entry","owp-thumbs-layout-horizontal","owp-btn-normal","owp-tabs-layout-horizontal","has-no-thumbnails","has-product-nav"],"yoast_head":"<!-- This site is optimized with the Yoast SEO plugin v25.1 - https:\/\/yoast.com\/wordpress\/plugins\/seo\/ -->\n<title>La Cave - Les p\u00e9pites d&#039;Alice<\/title>\n<meta name=\"robots\" content=\"noindex, follow, max-snippet:-1, max-image-preview:large, max-video-preview:-1\" \/>\n<meta property=\"og:locale\" content=\"fr_FR\" \/>\n<meta property=\"og:type\" content=\"article\" \/>\n<meta property=\"og:title\" content=\"La Cave - Les p\u00e9pites d&#039;Alice\" \/>\n<meta property=\"og:description\" content=\"La cave d&rsquo;Alice Lorem ipsum dolor sit amet, consectetur adipiscing elit. Ut elit tellus, luctus nec ullamcorper mattis, pulvinar dapibus leo. Lorem ipsum dolor sit amet, consectetur adipiscing elit. Ut elit tellus, luctus nec ullamcorper mattis, pulvinar dapibus leo. Lorem ipsum dolor sit amet, consectetur adipiscing elit. Ut elit tellus, luctus nec ullamcorper mattis, pulvinar [&hellip;]\" \/>\n<meta property=\"og:url\" content=\"https:\/\/cm.gca-digital.fr\/AliceD\/la-cave-boutique\/\" \/>\n<meta property=\"og:site_name\" content=\"Les p\u00e9pites d&#039;Alice\" \/>\n<meta property=\"article:modified_time\" content=\"2025-04-01T08:35:36+00:00\" \/>\n<meta name=\"twitter:card\" content=\"summary_large_image\" \/>\n<script type=\"application\/ld+json\" class=\"yoast-schema-graph\">{\"@context\":\"https:\/\/schema.org\",\"@graph\":[{\"@type\":\"WebPage\",\"@id\":\"https:\/\/cm.gca-digital.fr\/AliceD\/la-cave-boutique\/\",\"url\":\"https:\/\/cm.gca-digital.fr\/AliceD\/la-cave-boutique\/\",\"name\":\"La Cave - Les p\u00e9pites d&#039;Alice\",\"isPartOf\":{\"@id\":\"https:\/\/cm.gca-digital.fr\/AliceD\/#website\"},\"datePublished\":\"2025-03-31T07:34:17+00:00\",\"dateModified\":\"2025-04-01T08:35:36+00:00\",\"breadcrumb\":{\"@id\":\"https:\/\/cm.gca-digital.fr\/AliceD\/la-cave-boutique\/#breadcrumb\"},\"inLanguage\":\"fr-FR\",\"potentialAction\":[{\"@type\":\"ReadAction\",\"target\":[\"https:\/\/cm.gca-digital.fr\/AliceD\/la-cave-boutique\/\"]}]},{\"@type\":\"BreadcrumbList\",\"@id\":\"https:\/\/cm.gca-digital.fr\/AliceD\/la-cave-boutique\/#breadcrumb\",\"itemListElement\":[{\"@type\":\"ListItem\",\"position\":1,\"name\":\"Accueil\",\"item\":\"https:\/\/cm.gca-digital.fr\/AliceD\/\"},{\"@type\":\"ListItem\",\"position\":2,\"name\":\"La Cave\"}]},{\"@type\":\"WebSite\",\"@id\":\"https:\/\/cm.gca-digital.fr\/AliceD\/#website\",\"url\":\"https:\/\/cm.gca-digital.fr\/AliceD\/\",\"name\":\"Les p\u00e9pites d'Alice\",\"description\":\"\",\"publisher\":{\"@id\":\"https:\/\/cm.gca-digital.fr\/AliceD\/#organization\"},\"potentialAction\":[{\"@type\":\"SearchAction\",\"target\":{\"@type\":\"EntryPoint\",\"urlTemplate\":\"https:\/\/cm.gca-digital.fr\/AliceD\/?s={search_term_string}\"},\"query-input\":{\"@type\":\"PropertyValueSpecification\",\"valueRequired\":true,\"valueName\":\"search_term_string\"}}],\"inLanguage\":\"fr-FR\"},{\"@type\":\"Organization\",\"@id\":\"https:\/\/cm.gca-digital.fr\/AliceD\/#organization\",\"name\":\"Les p\u00e9pites d'Alice\",\"url\":\"https:\/\/cm.gca-digital.fr\/AliceD\/\",\"logo\":{\"@type\":\"ImageObject\",\"inLanguage\":\"fr-FR\",\"@id\":\"https:\/\/cm.gca-digital.fr\/AliceD\/#\/schema\/logo\/image\/\",\"url\":\"https:\/\/cm.gca-digital.fr\/AliceD\/wp-content\/uploads\/2025\/01\/cropped-LOGO-RVB-300X300-1.png\",\"contentUrl\":\"https:\/\/cm.gca-digital.fr\/AliceD\/wp-content\/uploads\/2025\/01\/cropped-LOGO-RVB-300X300-1.png\",\"width\":308,\"height\":300,\"caption\":\"Les p\u00e9pites d'Alice\"},\"image\":{\"@id\":\"https:\/\/cm.gca-digital.fr\/AliceD\/#\/schema\/logo\/image\/\"},\"sameAs\":[\"https:\/\/www.instagram.com\/lespepitesdalice.cave\/\"]}]}<\/script>\n<!-- \/ Yoast SEO plugin. -->","yoast_head_json":{"title":"La Cave - Les p\u00e9pites d&#039;Alice","robots":{"index":"noindex","follow":"follow","max-snippet":"max-snippet:-1","max-image-preview":"max-image-preview:large","max-video-preview":"max-video-preview:-1"},"og_locale":"fr_FR","og_type":"article","og_title":"La Cave - Les p\u00e9pites d&#039;Alice","og_description":"La cave d&rsquo;Alice Lorem ipsum dolor sit amet, consectetur adipiscing elit. Ut elit tellus, luctus nec ullamcorper mattis, pulvinar dapibus leo. Lorem ipsum dolor sit amet, consectetur adipiscing elit. Ut elit tellus, luctus nec ullamcorper mattis, pulvinar dapibus leo. Lorem ipsum dolor sit amet, consectetur adipiscing elit. Ut elit tellus, luctus nec ullamcorper mattis, pulvinar [&hellip;]","og_url":"https:\/\/cm.gca-digital.fr\/AliceD\/la-cave-boutique\/","og_site_name":"Les p\u00e9pites d&#039;Alice","article_modified_time":"2025-04-01T08:35:36+00:00","twitter_card":"summary_large_image","schema":{"@context":"https:\/\/schema.org","@graph":[{"@type":"WebPage","@id":"https:\/\/cm.gca-digital.fr\/AliceD\/la-cave-boutique\/","url":"https:\/\/cm.gca-digital.fr\/AliceD\/la-cave-boutique\/","name":"La Cave - Les p\u00e9pites d&#039;Alice","isPartOf":{"@id":"https:\/\/cm.gca-digital.fr\/AliceD\/#website"},"datePublished":"2025-03-31T07:34:17+00:00","dateModified":"2025-04-01T08:35:36+00:00","breadcrumb":{"@id":"https:\/\/cm.gca-digital.fr\/AliceD\/la-cave-boutique\/#breadcrumb"},"inLanguage":"fr-FR","potentialAction":[{"@type":"ReadAction","target":["https:\/\/cm.gca-digital.fr\/AliceD\/la-cave-boutique\/"]}]},{"@type":"BreadcrumbList","@id":"https:\/\/cm.gca-digital.fr\/AliceD\/la-cave-boutique\/#breadcrumb","itemListElement":[{"@type":"ListItem","position":1,"name":"Accueil","item":"https:\/\/cm.gca-digital.fr\/AliceD\/"},{"@type":"ListItem","position":2,"name":"La Cave"}]},{"@type":"WebSite","@id":"https:\/\/cm.gca-digital.fr\/AliceD\/#website","url":"https:\/\/cm.gca-digital.fr\/AliceD\/","name":"Les p\u00e9pites d'Alice","description":"","publisher":{"@id":"https:\/\/cm.gca-digital.fr\/AliceD\/#organization"},"potentialAction":[{"@type":"SearchAction","target":{"@type":"EntryPoint","urlTemplate":"https:\/\/cm.gca-digital.fr\/AliceD\/?s={search_term_string}"},"query-input":{"@type":"PropertyValueSpecification","valueRequired":true,"valueName":"search_term_string"}}],"inLanguage":"fr-FR"},{"@type":"Organization","@id":"https:\/\/cm.gca-digital.fr\/AliceD\/#organization","name":"Les p\u00e9pites d'Alice","url":"https:\/\/cm.gca-digital.fr\/AliceD\/","logo":{"@type":"ImageObject","inLanguage":"fr-FR","@id":"https:\/\/cm.gca-digital.fr\/AliceD\/#\/schema\/logo\/image\/","url":"https:\/\/cm.gca-digital.fr\/AliceD\/wp-content\/uploads\/2025\/01\/cropped-LOGO-RVB-300X300-1.png","contentUrl":"https:\/\/cm.gca-digital.fr\/AliceD\/wp-content\/uploads\/2025\/01\/cropped-LOGO-RVB-300X300-1.png","width":308,"height":300,"caption":"Les p\u00e9pites d'Alice"},"image":{"@id":"https:\/\/cm.gca-digital.fr\/AliceD\/#\/schema\/logo\/image\/"},"sameAs":["https:\/\/www.instagram.com\/lespepitesdalice.cave\/"]}]}},"_links":{"self":[{"href":"https:\/\/cm.gca-digital.fr\/AliceD\/wp-json\/wp\/v2\/pages\/1427","targetHints":{"allow":["GET"]}}],"collection":[{"href":"https:\/\/cm.gca-digital.fr\/AliceD\/wp-json\/wp\/v2\/pages"}],"about":[{"href":"https:\/\/cm.gca-digital.fr\/AliceD\/wp-json\/wp\/v2\/types\/page"}],"author":[{"embeddable":true,"href":"https:\/\/cm.gca-digital.fr\/AliceD\/wp-json\/wp\/v2\/users\/1"}],"replies":[{"embeddable":true,"href":"https:\/\/cm.gca-digital.fr\/AliceD\/wp-json\/wp\/v2\/comments?post=1427"}],"version-history":[{"count":11,"href":"https:\/\/cm.gca-digital.fr\/AliceD\/wp-json\/wp\/v2\/pages\/1427\/revisions"}],"predecessor-version":[{"id":1513,"href":"https:\/\/cm.gca-digital.fr\/AliceD\/wp-json\/wp\/v2\/pages\/1427\/revisions\/1513"}],"wp:attachment":[{"href":"https:\/\/cm.gca-digital.fr\/AliceD\/wp-json\/wp\/v2\/media?parent=1427"}],"curies":[{"name":"wp","href":"https:\/\/api.w.org\/{rel}","templated":true}]}}