{"id":834,"date":"2025-04-01T11:12:34","date_gmt":"2025-04-01T09:12:34","guid":{"rendered":"https:\/\/cm.gca-digital.fr\/AliceM\/?page_id=834"},"modified":"2025-05-20T15:47:10","modified_gmt":"2025-05-20T13:47:10","slug":"mentions-legales","status":"publish","type":"page","link":"https:\/\/cm.gca-digital.fr\/AliceM\/mentions-legales\/","title":{"rendered":"Mentions l\u00e9gales"},"content":{"rendered":"\t\t<div data-elementor-type=\"wp-page\" data-elementor-id=\"834\" class=\"elementor elementor-834\">\n\t\t\t\t<div class=\"elementor-element elementor-element-c3fd443 e-flex e-con-boxed e-con e-parent\" data-id=\"c3fd443\" data-element_type=\"container\">\n\t\t\t\t\t<div class=\"e-con-inner\">\n\t\t\t\t<div class=\"elementor-element elementor-element-baa8150 elementor-widget elementor-widget-heading\" data-id=\"baa8150\" data-element_type=\"widget\" data-widget_type=\"heading.default\">\n\t\t\t\t<div class=\"elementor-widget-container\">\n\t\t\t\t\t<h1 class=\"elementor-heading-title elementor-size-default\">Mentions l\u00e9gales - Les P\u00e9pites d'Alice :<\/h1>\t\t\t\t<\/div>\n\t\t\t\t<\/div>\n\t\t\t\t\t<\/div>\n\t\t\t\t<\/div>\n\t\t<div class=\"elementor-element elementor-element-c265489 e-flex e-con-boxed e-con e-parent\" data-id=\"c265489\" data-element_type=\"container\">\n\t\t\t\t\t<div class=\"e-con-inner\">\n\t\t\t\t<div class=\"elementor-element elementor-element-795f292 elementor-widget elementor-widget-text-editor\" data-id=\"795f292\" data-element_type=\"widget\" data-widget_type=\"text-editor.default\">\n\t\t\t\t<div class=\"elementor-widget-container\">\n\t\t\t\t\t\t\t\t\t<p class=\"\" data-start=\"304\" data-end=\"326\"><strong data-start=\"304\" data-end=\"326\">1. \u00c9diteur du site<\/strong><\/p>\t\t\t\t\t\t\t\t<\/div>\n\t\t\t\t<\/div>\n\t\t\t\t\t<\/div>\n\t\t\t\t<\/div>\n\t\t<div class=\"elementor-element elementor-element-e310d7a e-flex e-con-boxed e-con e-parent\" data-id=\"e310d7a\" data-element_type=\"container\">\n\t\t\t\t\t<div class=\"e-con-inner\">\n\t\t\t\t<div class=\"elementor-element elementor-element-ddbc8a2 elementor-widget elementor-widget-text-editor\" data-id=\"ddbc8a2\" data-element_type=\"widget\" data-widget_type=\"text-editor.default\">\n\t\t\t\t<div class=\"elementor-widget-container\">\n\t\t\t\t\t\t\t\t\t<p class=\"\" data-start=\"328\" data-end=\"365\">Le site Les P\u00e9pites d&rsquo;Alice est \u00e9dit\u00e9 par :<\/p><ul data-start=\"367\" data-end=\"796\"><li class=\"\" data-start=\"367\" data-end=\"412\"><p class=\"\" data-start=\"369\" data-end=\"412\">Nom de l&rsquo;entreprise : Les P\u00e9pites d&rsquo;Alice<\/p><\/li><li class=\"\" data-start=\"413\" data-end=\"450\"><p class=\"\" data-start=\"415\" data-end=\"450\">Forme juridique : [SARL, SAS, etc.]<\/p><\/li><li class=\"\" data-start=\"451\" data-end=\"497\"><p class=\"\" data-start=\"453\" data-end=\"497\">Capital social : [Montant du capital social]<\/p><\/li><li class=\"\" data-start=\"498\" data-end=\"544\"><p class=\"\" data-start=\"500\" data-end=\"544\">Adresse du si\u00e8ge social : [Adresse compl\u00e8te]<\/p><\/li><li class=\"\" data-start=\"545\" data-end=\"590\"><p class=\"\" data-start=\"547\" data-end=\"590\">Num\u00e9ro de t\u00e9l\u00e9phone : [Num\u00e9ro de t\u00e9l\u00e9phone]<\/p><\/li><li class=\"\" data-start=\"591\" data-end=\"637\"><p class=\"\" data-start=\"593\" data-end=\"637\">Adresse e-mail : [Adresse e-mail de contact]<\/p><\/li><li class=\"\" data-start=\"638\" data-end=\"724\"><p class=\"\" data-start=\"640\" data-end=\"724\">Num\u00e9ro d\u2019identification au registre du commerce et des soci\u00e9t\u00e9s (RCS) : [Num\u00e9ro RCS]<\/p><\/li><li class=\"\" data-start=\"725\" data-end=\"796\"><p class=\"\" data-start=\"727\" data-end=\"796\">Num\u00e9ro de TVA intracommunautaire : [Num\u00e9ro de TVA intracommunautaire]<\/p><\/li><\/ul><p class=\"\" data-start=\"798\" data-end=\"832\"><strong data-start=\"798\" data-end=\"832\">2. Directeur de la publication<\/strong><\/p><p class=\"\" data-start=\"834\" data-end=\"970\">Le directeur de la publication du site [Nom du site] est [Nom du responsable] en qualit\u00e9 de [Fonction, par exemple : Directeur g\u00e9n\u00e9ral].<\/p><p class=\"\" data-start=\"972\" data-end=\"990\"><strong data-start=\"972\" data-end=\"990\">3. H\u00e9bergement<\/strong><\/p><p class=\"\" data-start=\"992\" data-end=\"1019\">Le site est h\u00e9berg\u00e9 par :<\/p><ul data-start=\"1020\" data-end=\"1189\"><li class=\"\" data-start=\"1020\" data-end=\"1065\"><p class=\"\" data-start=\"1022\" data-end=\"1065\">Nom de l\u2019h\u00e9bergeur : [Nom de l&rsquo;h\u00e9bergeur]<\/p><\/li><li class=\"\" data-start=\"1066\" data-end=\"1128\"><p class=\"\" data-start=\"1068\" data-end=\"1128\">Adresse de l\u2019h\u00e9bergeur : [Adresse compl\u00e8te de l&rsquo;h\u00e9bergeur]<\/p><\/li><li class=\"\" data-start=\"1129\" data-end=\"1189\"><p class=\"\" data-start=\"1131\" data-end=\"1189\">Num\u00e9ro de t\u00e9l\u00e9phone de l\u2019h\u00e9bergeur : [Num\u00e9ro de t\u00e9l\u00e9phone]<\/p><\/li><\/ul><p class=\"\" data-start=\"1191\" data-end=\"1222\"><strong data-start=\"1191\" data-end=\"1222\">4. Propri\u00e9t\u00e9 intellectuelle<\/strong><\/p><p class=\"\" data-start=\"1224\" data-end=\"1641\">Tous les \u00e9l\u00e9ments pr\u00e9sents sur le site [Nom du site], notamment les textes, images, graphismes, logos, vid\u00e9os, ainsi que le contenu multim\u00e9dia sont prot\u00e9g\u00e9s par la l\u00e9gislation sur la propri\u00e9t\u00e9 intellectuelle et appartiennent \u00e0 [Nom de l&rsquo;entreprise] ou \u00e0 des tiers ayant autoris\u00e9 leur utilisation. Toute reproduction, distribution, modification ou publication de ces \u00e9l\u00e9ments sans autorisation pr\u00e9alable est interdite.<\/p><p class=\"\" data-start=\"1643\" data-end=\"1670\"><strong data-start=\"1643\" data-end=\"1670\">5. Donn\u00e9es personnelles<\/strong><\/p><p class=\"\" data-start=\"1672\" data-end=\"2227\">Les informations recueillies sur le site [Nom du site] font l\u2019objet d\u2019un traitement destin\u00e9 \u00e0 [objectif du traitement : gestion des commandes, envoi de newsletters, etc.]. Conform\u00e9ment \u00e0 la loi Informatique et Libert\u00e9s du 6 janvier 1978 modifi\u00e9e, et au R\u00e8glement g\u00e9n\u00e9ral sur la protection des donn\u00e9es (RGPD) du 27 avril 2016, vous disposez d\u2019un droit d\u2019acc\u00e8s, de rectification, de suppression, d\u2019opposition et de portabilit\u00e9 des donn\u00e9es vous concernant. Pour exercer ce droit, vous pouvez nous contacter \u00e0 l\u2019adresse suivante : [Adresse e-mail de contact].<\/p><p class=\"\" data-start=\"2580\" data-end=\"2601\"><strong data-start=\"2580\" data-end=\"2601\">7. Responsabilit\u00e9<\/strong><\/p><p class=\"\" data-start=\"2603\" data-end=\"2939\">Le site [Nom du site] s\u2019efforce de fournir des informations pr\u00e9cises et \u00e0 jour. Toutefois, [Nom de l&rsquo;entreprise] ne peut garantir l&rsquo;exactitude, l&rsquo;exhaustivit\u00e9 ou la mise \u00e0 jour des informations diffus\u00e9es sur le site. En cons\u00e9quence, [Nom de l&rsquo;entreprise] d\u00e9cline toute responsabilit\u00e9 pour les \u00e9ventuels erreurs ou omissions sur le site.<\/p><p class=\"\" data-start=\"2941\" data-end=\"2962\"><strong data-start=\"2941\" data-end=\"2962\">8. Liens externes<\/strong><\/p><p class=\"\" data-start=\"2964\" data-end=\"3275\">Le site [Nom du site] peut contenir des liens vers d&rsquo;autres sites internet. Ces liens sont fournis uniquement \u00e0 titre informatif. [Nom de l&rsquo;entreprise] n&rsquo;exerce aucun contr\u00f4le sur le contenu de ces sites et d\u00e9cline toute responsabilit\u00e9 quant \u00e0 leur contenu, leur politique de confidentialit\u00e9 ou leurs pratiques.<\/p><p class=\"\" data-start=\"3277\" data-end=\"3324\"><strong data-start=\"3277\" data-end=\"3324\">9. Loi applicable et juridiction comp\u00e9tente<\/strong><\/p><p class=\"\" data-start=\"3326\" data-end=\"3493\">Les pr\u00e9sentes mentions l\u00e9gales sont r\u00e9gies par le droit fran\u00e7ais. En cas de litige, les tribunaux comp\u00e9tents seront ceux du ressort de [ville ou r\u00e9gion de comp\u00e9tence].<\/p><p data-start=\"3326\" data-end=\"3493\">Mentions l\u00e9gales &#8211; Les P\u00e9pites d&rsquo;Alice<\/p>\t\t\t\t\t\t\t\t<\/div>\n\t\t\t\t<\/div>\n\t\t\t\t\t<\/div>\n\t\t\t\t<\/div>\n\t\t\t\t<\/div>\n\t\t","protected":false},"excerpt":{"rendered":"<p>Mentions l\u00e9gales &#8211; Les P\u00e9pites d&rsquo;Alice : 1. \u00c9diteur du site Le site Les P\u00e9pites d&rsquo;Alice est \u00e9dit\u00e9 par : Nom de l&rsquo;entreprise : Les P\u00e9pites d&rsquo;Alice Forme juridique : [SARL, SAS, etc.] Capital social : [Montant du capital social] Adresse du si\u00e8ge social : [Adresse compl\u00e8te] Num\u00e9ro de t\u00e9l\u00e9phone : [Num\u00e9ro de t\u00e9l\u00e9phone] Adresse [&hellip;]<\/p>\n","protected":false},"author":1,"featured_media":0,"parent":0,"menu_order":0,"comment_status":"closed","ping_status":"closed","template":"","meta":{"ocean_post_layout":"","ocean_both_sidebars_style":"","ocean_both_sidebars_content_width":0,"ocean_both_sidebars_sidebars_width":0,"ocean_sidebar":"","ocean_second_sidebar":"","ocean_disable_margins":"enable","ocean_add_body_class":"","ocean_shortcode_before_top_bar":"","ocean_shortcode_after_top_bar":"","ocean_shortcode_before_header":"","ocean_shortcode_after_header":"","ocean_has_shortcode":"","ocean_shortcode_after_title":"","ocean_shortcode_before_footer_widgets":"","ocean_shortcode_after_footer_widgets":"","ocean_shortcode_before_footer_bottom":"","ocean_shortcode_after_footer_bottom":"","ocean_display_top_bar":"default","ocean_display_header":"default","ocean_header_style":"","ocean_center_header_left_menu":"","ocean_custom_header_template":"","ocean_custom_logo":0,"ocean_custom_retina_logo":0,"ocean_custom_logo_max_width":0,"ocean_custom_logo_tablet_max_width":0,"ocean_custom_logo_mobile_max_width":0,"ocean_custom_logo_max_height":0,"ocean_custom_logo_tablet_max_height":0,"ocean_custom_logo_mobile_max_height":0,"ocean_header_custom_menu":"","ocean_menu_typo_font_family":"","ocean_menu_typo_font_subset":"","ocean_menu_typo_font_size":0,"ocean_menu_typo_font_size_tablet":0,"ocean_menu_typo_font_size_mobile":0,"ocean_menu_typo_font_size_unit":"px","ocean_menu_typo_font_weight":"","ocean_menu_typo_font_weight_tablet":"","ocean_menu_typo_font_weight_mobile":"","ocean_menu_typo_transform":"","ocean_menu_typo_transform_tablet":"","ocean_menu_typo_transform_mobile":"","ocean_menu_typo_line_height":0,"ocean_menu_typo_line_height_tablet":0,"ocean_menu_typo_line_height_mobile":0,"ocean_menu_typo_line_height_unit":"","ocean_menu_typo_spacing":0,"ocean_menu_typo_spacing_tablet":0,"ocean_menu_typo_spacing_mobile":0,"ocean_menu_typo_spacing_unit":"","ocean_menu_link_color":"","ocean_menu_link_color_hover":"","ocean_menu_link_color_active":"","ocean_menu_link_background":"","ocean_menu_link_hover_background":"","ocean_menu_link_active_background":"","ocean_menu_social_links_bg":"","ocean_menu_social_hover_links_bg":"","ocean_menu_social_links_color":"","ocean_menu_social_hover_links_color":"","ocean_disable_title":"default","ocean_disable_heading":"default","ocean_post_title":"","ocean_post_subheading":"","ocean_post_title_style":"","ocean_post_title_background_color":"","ocean_post_title_background":0,"ocean_post_title_bg_image_position":"","ocean_post_title_bg_image_attachment":"","ocean_post_title_bg_image_repeat":"","ocean_post_title_bg_image_size":"","ocean_post_title_height":0,"ocean_post_title_bg_overlay":0.5,"ocean_post_title_bg_overlay_color":"","ocean_disable_breadcrumbs":"default","ocean_breadcrumbs_color":"","ocean_breadcrumbs_separator_color":"","ocean_breadcrumbs_links_color":"","ocean_breadcrumbs_links_hover_color":"","ocean_display_footer_widgets":"default","ocean_display_footer_bottom":"default","ocean_custom_footer_template":"","omw_enable_modal_window":"enable","footnotes":""},"class_list":["post-834","page","type-page","status-publish","hentry","entry","owp-thumbs-layout-horizontal","owp-btn-normal","owp-tabs-layout-horizontal","has-no-thumbnails","has-product-nav"],"yoast_head":"<!-- This site is optimized with the Yoast SEO plugin v25.1 - https:\/\/yoast.com\/wordpress\/plugins\/seo\/ -->\n<title>Mentions l\u00e9gales - Les P\u00e9pites d&#039;Alice<\/title>\n<meta name=\"description\" content=\"Mentions l\u00e9gales - Les P\u00e9pites d&#039;Alice, votre boutique d&#039;articles de seconde main en ligne ! Retrouvez ici les mentions l\u00e9gales du site.\" \/>\n<meta name=\"robots\" content=\"index, follow, max-snippet:-1, max-image-preview:large, max-video-preview:-1\" \/>\n<link rel=\"canonical\" href=\"https:\/\/cm.gca-digital.fr\/AliceM\/mentions-legales\/\" \/>\n<meta property=\"og:locale\" content=\"fr_FR\" \/>\n<meta property=\"og:type\" content=\"article\" \/>\n<meta property=\"og:title\" content=\"Mentions l\u00e9gales - Les P\u00e9pites d&#039;Alice\" \/>\n<meta property=\"og:description\" content=\"Mentions l\u00e9gales - Les P\u00e9pites d&#039;Alice, votre boutique d&#039;articles de seconde main en ligne ! Retrouvez ici les mentions l\u00e9gales du site.\" \/>\n<meta property=\"og:url\" content=\"https:\/\/cm.gca-digital.fr\/AliceM\/mentions-legales\/\" \/>\n<meta property=\"og:site_name\" content=\"Les p\u00e9pites d&#039;Alice\" \/>\n<meta property=\"article:modified_time\" content=\"2025-05-20T13:47:10+00:00\" \/>\n<meta name=\"twitter:card\" content=\"summary_large_image\" \/>\n<meta name=\"twitter:label1\" content=\"Dur\u00e9e de lecture estim\u00e9e\" \/>\n\t<meta name=\"twitter:data1\" content=\"3 minutes\" \/>\n<script type=\"application\/ld+json\" class=\"yoast-schema-graph\">{\"@context\":\"https:\/\/schema.org\",\"@graph\":[{\"@type\":\"WebPage\",\"@id\":\"https:\/\/cm.gca-digital.fr\/AliceM\/mentions-legales\/\",\"url\":\"https:\/\/cm.gca-digital.fr\/AliceM\/mentions-legales\/\",\"name\":\"Mentions l\u00e9gales - Les P\u00e9pites d'Alice\",\"isPartOf\":{\"@id\":\"https:\/\/cm.gca-digital.fr\/AliceM\/#website\"},\"datePublished\":\"2025-04-01T09:12:34+00:00\",\"dateModified\":\"2025-05-20T13:47:10+00:00\",\"description\":\"Mentions l\u00e9gales - Les P\u00e9pites d'Alice, votre boutique d'articles de seconde main en ligne ! Retrouvez ici les mentions l\u00e9gales du site.\",\"breadcrumb\":{\"@id\":\"https:\/\/cm.gca-digital.fr\/AliceM\/mentions-legales\/#breadcrumb\"},\"inLanguage\":\"fr-FR\",\"potentialAction\":[{\"@type\":\"ReadAction\",\"target\":[\"https:\/\/cm.gca-digital.fr\/AliceM\/mentions-legales\/\"]}]},{\"@type\":\"BreadcrumbList\",\"@id\":\"https:\/\/cm.gca-digital.fr\/AliceM\/mentions-legales\/#breadcrumb\",\"itemListElement\":[{\"@type\":\"ListItem\",\"position\":1,\"name\":\"Accueil\",\"item\":\"https:\/\/cm.gca-digital.fr\/AliceM\/\"},{\"@type\":\"ListItem\",\"position\":2,\"name\":\"Mentions l\u00e9gales\"}]},{\"@type\":\"WebSite\",\"@id\":\"https:\/\/cm.gca-digital.fr\/AliceM\/#website\",\"url\":\"https:\/\/cm.gca-digital.fr\/AliceM\/\",\"name\":\"Les p\u00e9pites d'Alice\",\"description\":\"\",\"publisher\":{\"@id\":\"https:\/\/cm.gca-digital.fr\/AliceM\/#organization\"},\"potentialAction\":[{\"@type\":\"SearchAction\",\"target\":{\"@type\":\"EntryPoint\",\"urlTemplate\":\"https:\/\/cm.gca-digital.fr\/AliceM\/?s={search_term_string}\"},\"query-input\":{\"@type\":\"PropertyValueSpecification\",\"valueRequired\":true,\"valueName\":\"search_term_string\"}}],\"inLanguage\":\"fr-FR\"},{\"@type\":\"Organization\",\"@id\":\"https:\/\/cm.gca-digital.fr\/AliceM\/#organization\",\"name\":\"Les p\u00e9pites d'Alice\",\"url\":\"https:\/\/cm.gca-digital.fr\/AliceM\/\",\"logo\":{\"@type\":\"ImageObject\",\"inLanguage\":\"fr-FR\",\"@id\":\"https:\/\/cm.gca-digital.fr\/AliceM\/#\/schema\/logo\/image\/\",\"url\":\"https:\/\/cm.gca-digital.fr\/AliceM\/wp-content\/uploads\/2025\/01\/LOGO-2-1.png\",\"contentUrl\":\"https:\/\/cm.gca-digital.fr\/AliceM\/wp-content\/uploads\/2025\/01\/LOGO-2-1.png\",\"width\":1409,\"height\":1371,\"caption\":\"Les p\u00e9pites d'Alice\"},\"image\":{\"@id\":\"https:\/\/cm.gca-digital.fr\/AliceM\/#\/schema\/logo\/image\/\"}}]}<\/script>\n<!-- \/ Yoast SEO plugin. -->","yoast_head_json":{"title":"Mentions l\u00e9gales - Les P\u00e9pites d'Alice","description":"Mentions l\u00e9gales - Les P\u00e9pites d'Alice, votre boutique d'articles de seconde main en ligne ! Retrouvez ici les mentions l\u00e9gales du site.","robots":{"index":"index","follow":"follow","max-snippet":"max-snippet:-1","max-image-preview":"max-image-preview:large","max-video-preview":"max-video-preview:-1"},"canonical":"https:\/\/cm.gca-digital.fr\/AliceM\/mentions-legales\/","og_locale":"fr_FR","og_type":"article","og_title":"Mentions l\u00e9gales - Les P\u00e9pites d'Alice","og_description":"Mentions l\u00e9gales - Les P\u00e9pites d'Alice, votre boutique d'articles de seconde main en ligne ! Retrouvez ici les mentions l\u00e9gales du site.","og_url":"https:\/\/cm.gca-digital.fr\/AliceM\/mentions-legales\/","og_site_name":"Les p\u00e9pites d&#039;Alice","article_modified_time":"2025-05-20T13:47:10+00:00","twitter_card":"summary_large_image","twitter_misc":{"Dur\u00e9e de lecture estim\u00e9e":"3 minutes"},"schema":{"@context":"https:\/\/schema.org","@graph":[{"@type":"WebPage","@id":"https:\/\/cm.gca-digital.fr\/AliceM\/mentions-legales\/","url":"https:\/\/cm.gca-digital.fr\/AliceM\/mentions-legales\/","name":"Mentions l\u00e9gales - Les P\u00e9pites d'Alice","isPartOf":{"@id":"https:\/\/cm.gca-digital.fr\/AliceM\/#website"},"datePublished":"2025-04-01T09:12:34+00:00","dateModified":"2025-05-20T13:47:10+00:00","description":"Mentions l\u00e9gales - Les P\u00e9pites d'Alice, votre boutique d'articles de seconde main en ligne ! Retrouvez ici les mentions l\u00e9gales du site.","breadcrumb":{"@id":"https:\/\/cm.gca-digital.fr\/AliceM\/mentions-legales\/#breadcrumb"},"inLanguage":"fr-FR","potentialAction":[{"@type":"ReadAction","target":["https:\/\/cm.gca-digital.fr\/AliceM\/mentions-legales\/"]}]},{"@type":"BreadcrumbList","@id":"https:\/\/cm.gca-digital.fr\/AliceM\/mentions-legales\/#breadcrumb","itemListElement":[{"@type":"ListItem","position":1,"name":"Accueil","item":"https:\/\/cm.gca-digital.fr\/AliceM\/"},{"@type":"ListItem","position":2,"name":"Mentions l\u00e9gales"}]},{"@type":"WebSite","@id":"https:\/\/cm.gca-digital.fr\/AliceM\/#website","url":"https:\/\/cm.gca-digital.fr\/AliceM\/","name":"Les p\u00e9pites d'Alice","description":"","publisher":{"@id":"https:\/\/cm.gca-digital.fr\/AliceM\/#organization"},"potentialAction":[{"@type":"SearchAction","target":{"@type":"EntryPoint","urlTemplate":"https:\/\/cm.gca-digital.fr\/AliceM\/?s={search_term_string}"},"query-input":{"@type":"PropertyValueSpecification","valueRequired":true,"valueName":"search_term_string"}}],"inLanguage":"fr-FR"},{"@type":"Organization","@id":"https:\/\/cm.gca-digital.fr\/AliceM\/#organization","name":"Les p\u00e9pites d'Alice","url":"https:\/\/cm.gca-digital.fr\/AliceM\/","logo":{"@type":"ImageObject","inLanguage":"fr-FR","@id":"https:\/\/cm.gca-digital.fr\/AliceM\/#\/schema\/logo\/image\/","url":"https:\/\/cm.gca-digital.fr\/AliceM\/wp-content\/uploads\/2025\/01\/LOGO-2-1.png","contentUrl":"https:\/\/cm.gca-digital.fr\/AliceM\/wp-content\/uploads\/2025\/01\/LOGO-2-1.png","width":1409,"height":1371,"caption":"Les p\u00e9pites d'Alice"},"image":{"@id":"https:\/\/cm.gca-digital.fr\/AliceM\/#\/schema\/logo\/image\/"}}]}},"_links":{"self":[{"href":"https:\/\/cm.gca-digital.fr\/AliceM\/wp-json\/wp\/v2\/pages\/834","targetHints":{"allow":["GET"]}}],"collection":[{"href":"https:\/\/cm.gca-digital.fr\/AliceM\/wp-json\/wp\/v2\/pages"}],"about":[{"href":"https:\/\/cm.gca-digital.fr\/AliceM\/wp-json\/wp\/v2\/types\/page"}],"author":[{"embeddable":true,"href":"https:\/\/cm.gca-digital.fr\/AliceM\/wp-json\/wp\/v2\/users\/1"}],"replies":[{"embeddable":true,"href":"https:\/\/cm.gca-digital.fr\/AliceM\/wp-json\/wp\/v2\/comments?post=834"}],"version-history":[{"count":13,"href":"https:\/\/cm.gca-digital.fr\/AliceM\/wp-json\/wp\/v2\/pages\/834\/revisions"}],"predecessor-version":[{"id":951,"href":"https:\/\/cm.gca-digital.fr\/AliceM\/wp-json\/wp\/v2\/pages\/834\/revisions\/951"}],"wp:attachment":[{"href":"https:\/\/cm.gca-digital.fr\/AliceM\/wp-json\/wp\/v2\/media?parent=834"}],"curies":[{"name":"wp","href":"https:\/\/api.w.org\/{rel}","templated":true}]}}