{"id":1307,"date":"2025-06-19T14:42:47","date_gmt":"2025-06-19T12:42:47","guid":{"rendered":"https:\/\/cm.gca-digital.fr\/CM2025-05\/?page_id=1307"},"modified":"2025-06-19T14:55:16","modified_gmt":"2025-06-19T12:55:16","slug":"mentions-legales","status":"publish","type":"page","link":"https:\/\/cm.gca-digital.fr\/CM2025-05\/mentions-legales\/","title":{"rendered":"Mentions l\u00e9gales"},"content":{"rendered":"\t\t<div data-elementor-type=\"wp-page\" data-elementor-id=\"1307\" class=\"elementor elementor-1307\">\n\t\t\t\t\t\t<section class=\"elementor-section elementor-top-section elementor-element elementor-element-67bccc4 elementor-section-height-min-height elementor-section-boxed elementor-section-height-default elementor-section-items-middle\" data-id=\"67bccc4\" data-element_type=\"section\" data-settings=\"{&quot;background_background&quot;:&quot;classic&quot;}\">\n\t\t\t\t\t\t\t<div class=\"elementor-background-overlay\"><\/div>\n\t\t\t\t\t\t\t<div class=\"elementor-container elementor-column-gap-default\">\n\t\t\t\t\t<div class=\"elementor-column elementor-col-100 elementor-top-column elementor-element elementor-element-23a601b\" data-id=\"23a601b\" data-element_type=\"column\">\n\t\t\t<div class=\"elementor-widget-wrap elementor-element-populated\">\n\t\t\t\t\t\t<div class=\"elementor-element elementor-element-fb64808 elementor-widget-divider--view-line elementor-widget elementor-widget-divider\" data-id=\"fb64808\" data-element_type=\"widget\" data-widget_type=\"divider.default\">\n\t\t\t\t<div class=\"elementor-widget-container\">\n\t\t\t\t\t\t\t<div class=\"elementor-divider\">\n\t\t\t<span class=\"elementor-divider-separator\">\n\t\t\t\t\t\t<\/span>\n\t\t<\/div>\n\t\t\t\t\t\t<\/div>\n\t\t\t\t<\/div>\n\t\t\t\t<div class=\"elementor-element elementor-element-5c316fb elementor-widget elementor-widget-heading\" data-id=\"5c316fb\" data-element_type=\"widget\" data-widget_type=\"heading.default\">\n\t\t\t\t<div class=\"elementor-widget-container\">\n\t\t\t\t\t<h1 class=\"elementor-heading-title elementor-size-default\">Mentions l\u00e9gales<\/h1>\t\t\t\t<\/div>\n\t\t\t\t<\/div>\n\t\t\t\t\t<\/div>\n\t\t<\/div>\n\t\t\t\t\t<\/div>\n\t\t<\/section>\n\t\t\t\t<section class=\"elementor-section elementor-top-section elementor-element elementor-element-8f2a3b1 elementor-section-boxed elementor-section-height-default elementor-section-height-default\" data-id=\"8f2a3b1\" data-element_type=\"section\">\n\t\t\t\t\t\t<div class=\"elementor-container elementor-column-gap-default\">\n\t\t\t\t\t<div class=\"elementor-column elementor-col-100 elementor-top-column elementor-element elementor-element-9427d45\" data-id=\"9427d45\" data-element_type=\"column\">\n\t\t\t<div class=\"elementor-widget-wrap elementor-element-populated\">\n\t\t\t\t\t\t<section class=\"elementor-section elementor-inner-section elementor-element elementor-element-d71a85d elementor-section-content-middle elementor-section-boxed elementor-section-height-default elementor-section-height-default\" data-id=\"d71a85d\" data-element_type=\"section\">\n\t\t\t\t\t\t<div class=\"elementor-container elementor-column-gap-no\">\n\t\t\t\t\t<div class=\"elementor-column elementor-col-100 elementor-inner-column elementor-element elementor-element-6968d02\" data-id=\"6968d02\" data-element_type=\"column\">\n\t\t\t<div class=\"elementor-widget-wrap elementor-element-populated\">\n\t\t\t\t\t\t<div class=\"elementor-element elementor-element-72ec90f elementor-widget elementor-widget-spacer\" data-id=\"72ec90f\" data-element_type=\"widget\" data-widget_type=\"spacer.default\">\n\t\t\t\t<div class=\"elementor-widget-container\">\n\t\t\t\t\t\t\t<div class=\"elementor-spacer\">\n\t\t\t<div class=\"elementor-spacer-inner\"><\/div>\n\t\t<\/div>\n\t\t\t\t\t\t<\/div>\n\t\t\t\t<\/div>\n\t\t\t\t<div class=\"elementor-element elementor-element-bf1a52a elementor-widget__width-initial elementor-widget elementor-widget-heading\" data-id=\"bf1a52a\" data-element_type=\"widget\" data-widget_type=\"heading.default\">\n\t\t\t\t<div class=\"elementor-widget-container\">\n\t\t\t\t\t<p class=\"elementor-heading-title elementor-size-default\"><h2 data-start=\"241\" data-end=\"265\"> Mentions l\u00e9gales<\/h2>\n<h3 data-start=\"266\" data-end=\"301\">Site officiel du Petit B\u00e9arnais<\/h3>\n<hr data-start=\"303\" data-end=\"306\">\n<h3 data-start=\"308\" data-end=\"336\">1. <strong data-start=\"315\" data-end=\"334\">\u00c9diteur du site<\/strong><\/h3>\n<p data-start=\"337\" data-end=\"661\"><strong data-start=\"337\" data-end=\"358\">Le Petit B\u00e9arnais<\/strong><br data-start=\"358\" data-end=\"361\">\nStatut : [ex. Micro-entreprise \/ SARL \/ SASU, \u00e0 adapter]<br data-start=\"417\" data-end=\"420\">\nRaison sociale : Le Petit B\u00e9arnais<br data-start=\"454\" data-end=\"457\">\nAdresse : [\u00e0 compl\u00e9ter, ex. 12 rue du B\u00e9arn, 64000 Pau, France]<br data-start=\"520\" data-end=\"523\">\n\ud83d\udcde T\u00e9l\u00e9phone : 06 85 19 75 32<br data-start=\"552\" data-end=\"555\">\n\ud83d\udce7 Email : <a data-start=\"566\" data-end=\"592\" class=\"cursor-pointer\" rel=\"noopener\">contact@lepetitbearnais.fr<\/a><br data-start=\"592\" data-end=\"595\">\nResponsable de la publication : [Nom et pr\u00e9nom du\/de la g\u00e9rant(e)]<\/p>\n<hr data-start=\"663\" data-end=\"666\">\n<h3 data-start=\"668\" data-end=\"700\">2. <strong data-start=\"675\" data-end=\"698\">H\u00e9bergement du site<\/strong><\/h3><p data-start=\"701\" data-end=\"918\">Le site <strong data-start=\"709\" data-end=\"735\"><a data-start=\"711\" data-end=\"733\" rel=\"noopener\" target=\"_new\" class=\"\" href=\"http:\/\/www.lepetitbearnais.fr\">www.lepetitbearnais.fr<\/a><\/strong> est h\u00e9berg\u00e9 par :<br data-start=\"753\" data-end=\"756\">\n<strong data-start=\"756\" data-end=\"794\">[Nom de l'h\u00e9bergeur, ex. o2switch]<\/strong><br data-start=\"794\" data-end=\"797\">\nAdresse : Chemin des Pardiaux, 63000 Clermont-Ferrand, France<br data-start=\"858\" data-end=\"861\">\n\ud83d\udcde T\u00e9l\u00e9phone : 04 44 44 60 40<br data-start=\"890\" data-end=\"893\">\n\ud83c\udf10 Site : <a data-start=\"903\" data-end=\"918\" rel=\"noopener\" target=\"_new\" class=\"\" href=\"http:\/\/www.o2switch.fr\">www.o2switch.fr<\/a><\/p>\n<hr data-start=\"920\" data-end=\"923\">\n<h3 data-start=\"925\" data-end=\"970\">3. <strong data-start=\"932\" data-end=\"968\">Cr\u00e9ation &amp; d\u00e9veloppement du site<\/strong><\/h3><p data-start=\"971\" data-end=\"1154\">Conception graphique et d\u00e9veloppement : <b>LI\u00c9NAFA DIANE <\/b>\nCMS utilis\u00e9 : <strong data-start=\"1101\" data-end=\"1154\">WordPress \u2013 Th\u00e8me OceanWP (sous-th\u00e8me Architecte)<\/strong><\/p>\n<hr data-start=\"1156\" data-end=\"1159\">\n<h3 data-start=\"1161\" data-end=\"1198\">4. <strong data-start=\"1168\" data-end=\"1196\">Propri\u00e9t\u00e9 intellectuelle<\/strong><\/h3><p data-start=\"1199\" data-end=\"1446\">Tous les contenus pr\u00e9sents sur le site (textes, images, logos, photos, graphismes, etc.) sont la propri\u00e9t\u00e9 exclusive de <strong data-start=\"1319\" data-end=\"1340\">Le Petit B\u00e9arnais<\/strong>, sauf mentions contraires.<br data-start=\"1367\" data-end=\"1370\">\nToute reproduction ou utilisation sans autorisation pr\u00e9alable est interdite.<\/p>\n<hr data-start=\"1448\" data-end=\"1451\">\n<h3 data-start=\"1453\" data-end=\"1480\">5. <strong data-start=\"1460\" data-end=\"1478\">Responsabilit\u00e9<\/strong><\/h3><p data-start=\"1481\" data-end=\"1656\">Le Petit B\u00e9arnais s\u2019efforce de fournir des informations \u00e0 jour et exactes, mais ne saurait \u00eatre tenu responsable d\u2019erreurs, d\u2019omissions ou de probl\u00e8mes techniques sur le site.<\/p>\n<hr data-start=\"1658\" data-end=\"1661\">\n<h3 data-start=\"1663\" data-end=\"1711\">6. <strong data-start=\"1670\" data-end=\"1709\">Protection des donn\u00e9es personnelles<\/strong><\/h3><p data-start=\"1712\" data-end=\"1814\">Pour plus d'informations, consultez notre page :<br data-start=\"1760\" data-end=\"1763\">\n<strong data-start=\"1766\" data-end=\"1814\"><a data-start=\"1768\" data-end=\"1812\" class=\"\" rel=\"noopener\" href=\"#\">RGPD et cookies<\/a><\/strong><\/p>\n<hr data-start=\"1816\" data-end=\"1819\">\n<h3 data-start=\"1821\" data-end=\"1850\">7. <strong data-start=\"1828\" data-end=\"1848\">Droit applicable<\/strong><\/h3><p data-start=\"1851\" data-end=\"2004\">Les pr\u00e9sentes mentions l\u00e9gales sont r\u00e9gies par le droit fran\u00e7ais.<br data-start=\"1916\" data-end=\"1919\">\nTout litige relatif \u00e0 l'utilisation du site sera soumis aux juridictions comp\u00e9tentes.<\/p><\/p>\t\t\t\t<\/div>\n\t\t\t\t<\/div>\n\t\t\t\t\t<\/div>\n\t\t<\/div>\n\t\t\t\t\t<\/div>\n\t\t<\/section>\n\t\t\t\t<div class=\"elementor-element elementor-element-b71b75c elementor-widget elementor-widget-spacer\" data-id=\"b71b75c\" data-element_type=\"widget\" data-widget_type=\"spacer.default\">\n\t\t\t\t<div class=\"elementor-widget-container\">\n\t\t\t\t\t\t\t<div class=\"elementor-spacer\">\n\t\t\t<div class=\"elementor-spacer-inner\"><\/div>\n\t\t<\/div>\n\t\t\t\t\t\t<\/div>\n\t\t\t\t<\/div>\n\t\t\t\t\t<\/div>\n\t\t<\/div>\n\t\t\t\t\t<\/div>\n\t\t<\/section>\n\t\t\t\t<\/div>\n\t\t","protected":false},"excerpt":{"rendered":"<p>Mentions l\u00e9gales Mentions l\u00e9gales Site officiel du Petit B\u00e9arnais 1. \u00c9diteur du site Le Petit B\u00e9arnais Statut : [ex. Micro-entreprise \/ SARL \/ SASU, \u00e0 adapter] Raison sociale : Le Petit B\u00e9arnais Adresse : [\u00e0 compl\u00e9ter, ex. 12 rue du B\u00e9arn, 64000 Pau, France] \ud83d\udcde T\u00e9l\u00e9phone : 06 85 19 75 32 \ud83d\udce7 Email : [&hellip;]<\/p>\n","protected":false},"author":1,"featured_media":0,"parent":0,"menu_order":0,"comment_status":"closed","ping_status":"closed","template":"","meta":{"ocean_post_layout":"full-screen","ocean_both_sidebars_style":"","ocean_both_sidebars_content_width":0,"ocean_both_sidebars_sidebars_width":0,"ocean_sidebar":"0","ocean_second_sidebar":"0","ocean_disable_margins":"on","ocean_add_body_class":"","ocean_shortcode_before_top_bar":"","ocean_shortcode_after_top_bar":"","ocean_shortcode_before_header":"","ocean_shortcode_after_header":"","ocean_has_shortcode":"","ocean_shortcode_after_title":"","ocean_shortcode_before_footer_widgets":"","ocean_shortcode_after_footer_widgets":"","ocean_shortcode_before_footer_bottom":"","ocean_shortcode_after_footer_bottom":"","ocean_display_top_bar":"default","ocean_display_header":"default","ocean_header_style":"transparent","ocean_center_header_left_menu":"0","ocean_custom_header_template":"0","ocean_custom_logo":0,"ocean_custom_retina_logo":0,"ocean_custom_logo_max_width":0,"ocean_custom_logo_tablet_max_width":0,"ocean_custom_logo_mobile_max_width":0,"ocean_custom_logo_max_height":0,"ocean_custom_logo_tablet_max_height":0,"ocean_custom_logo_mobile_max_height":0,"ocean_header_custom_menu":"0","ocean_menu_typo_font_family":"0","ocean_menu_typo_font_subset":"","ocean_menu_typo_font_size":0,"ocean_menu_typo_font_size_tablet":0,"ocean_menu_typo_font_size_mobile":0,"ocean_menu_typo_font_size_unit":"px","ocean_menu_typo_font_weight":"","ocean_menu_typo_font_weight_tablet":"","ocean_menu_typo_font_weight_mobile":"","ocean_menu_typo_transform":"","ocean_menu_typo_transform_tablet":"","ocean_menu_typo_transform_mobile":"","ocean_menu_typo_line_height":0,"ocean_menu_typo_line_height_tablet":0,"ocean_menu_typo_line_height_mobile":0,"ocean_menu_typo_line_height_unit":"","ocean_menu_typo_spacing":0,"ocean_menu_typo_spacing_tablet":0,"ocean_menu_typo_spacing_mobile":0,"ocean_menu_typo_spacing_unit":"","ocean_menu_link_color":"#ffffff","ocean_menu_link_color_hover":"#6e8fef","ocean_menu_link_color_active":"#ffffff","ocean_menu_link_background":"","ocean_menu_link_hover_background":"","ocean_menu_link_active_background":"","ocean_menu_social_links_bg":"","ocean_menu_social_hover_links_bg":"","ocean_menu_social_links_color":"#ffffff","ocean_menu_social_hover_links_color":"#6e8fef","ocean_disable_title":"on","ocean_disable_heading":"default","ocean_post_title":"","ocean_post_subheading":"","ocean_post_title_style":"","ocean_post_title_background_color":"","ocean_post_title_background":0,"ocean_post_title_bg_image_position":"","ocean_post_title_bg_image_attachment":"","ocean_post_title_bg_image_repeat":"","ocean_post_title_bg_image_size":"","ocean_post_title_height":0,"ocean_post_title_bg_overlay":0.5,"ocean_post_title_bg_overlay_color":"","ocean_disable_breadcrumbs":"off","ocean_breadcrumbs_color":"","ocean_breadcrumbs_separator_color":"","ocean_breadcrumbs_links_color":"","ocean_breadcrumbs_links_hover_color":"","ocean_display_footer_widgets":"default","ocean_display_footer_bottom":"default","ocean_custom_footer_template":"0","footnotes":""},"class_list":["post-1307","page","type-page","status-publish","hentry","entry"],"yoast_head":"<!-- This site is optimized with the Yoast SEO plugin v25.3 - https:\/\/yoast.com\/wordpress\/plugins\/seo\/ -->\n<title>Mentions l\u00e9gales - Le Petit B\u00e9arnais<\/title>\n<meta name=\"description\" content=\"Venez d\u00e9couvrir un brunch artisanal aux saveurs locales, nich\u00e9 \u00e0 Pau avec vue sur les Pyr\u00e9n\u00e9es.\" \/>\n<meta name=\"robots\" content=\"index, follow, max-snippet:-1, max-image-preview:large, max-video-preview:-1\" \/>\n<link rel=\"canonical\" href=\"https:\/\/cm.gca-digital.fr\/CM2025-05\/mentions-legales\/\" \/>\n<meta property=\"og:locale\" content=\"fr_FR\" \/>\n<meta property=\"og:type\" content=\"article\" \/>\n<meta property=\"og:title\" content=\"Mentions l\u00e9gales - Le Petit B\u00e9arnais\" \/>\n<meta property=\"og:description\" content=\"Venez d\u00e9couvrir un brunch artisanal aux saveurs locales, nich\u00e9 \u00e0 Pau avec vue sur les Pyr\u00e9n\u00e9es.\" \/>\n<meta property=\"og:url\" content=\"https:\/\/cm.gca-digital.fr\/CM2025-05\/mentions-legales\/\" \/>\n<meta property=\"og:site_name\" content=\"Le Petit B\u00e9arnais\" \/>\n<meta property=\"article:modified_time\" content=\"2025-06-19T12:55:16+00:00\" \/>\n<meta name=\"twitter:card\" content=\"summary_large_image\" \/>\n<meta name=\"twitter:label1\" content=\"Dur\u00e9e de lecture estim\u00e9e\" \/>\n\t<meta name=\"twitter:data1\" content=\"2 minutes\" \/>\n<script type=\"application\/ld+json\" class=\"yoast-schema-graph\">{\"@context\":\"https:\/\/schema.org\",\"@graph\":[{\"@type\":\"WebPage\",\"@id\":\"https:\/\/cm.gca-digital.fr\/CM2025-05\/mentions-legales\/\",\"url\":\"https:\/\/cm.gca-digital.fr\/CM2025-05\/mentions-legales\/\",\"name\":\"Mentions l\u00e9gales - Le Petit B\u00e9arnais\",\"isPartOf\":{\"@id\":\"https:\/\/cm.gca-digital.fr\/CM2025-05\/#website\"},\"datePublished\":\"2025-06-19T12:42:47+00:00\",\"dateModified\":\"2025-06-19T12:55:16+00:00\",\"description\":\"Venez d\u00e9couvrir un brunch artisanal aux saveurs locales, nich\u00e9 \u00e0 Pau avec vue sur les Pyr\u00e9n\u00e9es.\",\"breadcrumb\":{\"@id\":\"https:\/\/cm.gca-digital.fr\/CM2025-05\/mentions-legales\/#breadcrumb\"},\"inLanguage\":\"fr-FR\",\"potentialAction\":[{\"@type\":\"ReadAction\",\"target\":[\"https:\/\/cm.gca-digital.fr\/CM2025-05\/mentions-legales\/\"]}]},{\"@type\":\"BreadcrumbList\",\"@id\":\"https:\/\/cm.gca-digital.fr\/CM2025-05\/mentions-legales\/#breadcrumb\",\"itemListElement\":[{\"@type\":\"ListItem\",\"position\":1,\"name\":\"Accueil\",\"item\":\"https:\/\/cm.gca-digital.fr\/CM2025-05\/\"},{\"@type\":\"ListItem\",\"position\":2,\"name\":\"Mentions l\u00e9gales\"}]},{\"@type\":\"WebSite\",\"@id\":\"https:\/\/cm.gca-digital.fr\/CM2025-05\/#website\",\"url\":\"https:\/\/cm.gca-digital.fr\/CM2025-05\/\",\"name\":\"Le Petit B\u00e9arnais\",\"description\":\"Un brunch artisanal aux saveurs locales, nich\u00e9 \u00e0 Pau avec vue sur les Pyr\u00e9n\u00e9es\",\"publisher\":{\"@id\":\"https:\/\/cm.gca-digital.fr\/CM2025-05\/#organization\"},\"potentialAction\":[{\"@type\":\"SearchAction\",\"target\":{\"@type\":\"EntryPoint\",\"urlTemplate\":\"https:\/\/cm.gca-digital.fr\/CM2025-05\/?s={search_term_string}\"},\"query-input\":{\"@type\":\"PropertyValueSpecification\",\"valueRequired\":true,\"valueName\":\"search_term_string\"}}],\"inLanguage\":\"fr-FR\"},{\"@type\":\"Organization\",\"@id\":\"https:\/\/cm.gca-digital.fr\/CM2025-05\/#organization\",\"name\":\"Le Petit B\u00e9arnais\",\"url\":\"https:\/\/cm.gca-digital.fr\/CM2025-05\/\",\"logo\":{\"@type\":\"ImageObject\",\"inLanguage\":\"fr-FR\",\"@id\":\"https:\/\/cm.gca-digital.fr\/CM2025-05\/#\/schema\/logo\/image\/\",\"url\":\"https:\/\/cm.gca-digital.fr\/CM2025-05\/wp-content\/uploads\/2025\/06\/cropped-Logo-Le-Petit-Bearnais-2.png\",\"contentUrl\":\"https:\/\/cm.gca-digital.fr\/CM2025-05\/wp-content\/uploads\/2025\/06\/cropped-Logo-Le-Petit-Bearnais-2.png\",\"width\":512,\"height\":512,\"caption\":\"Le Petit B\u00e9arnais\"},\"image\":{\"@id\":\"https:\/\/cm.gca-digital.fr\/CM2025-05\/#\/schema\/logo\/image\/\"}}]}<\/script>\n<!-- \/ Yoast SEO plugin. -->","yoast_head_json":{"title":"Mentions l\u00e9gales - Le Petit B\u00e9arnais","description":"Venez d\u00e9couvrir un brunch artisanal aux saveurs locales, nich\u00e9 \u00e0 Pau avec vue sur les Pyr\u00e9n\u00e9es.","robots":{"index":"index","follow":"follow","max-snippet":"max-snippet:-1","max-image-preview":"max-image-preview:large","max-video-preview":"max-video-preview:-1"},"canonical":"https:\/\/cm.gca-digital.fr\/CM2025-05\/mentions-legales\/","og_locale":"fr_FR","og_type":"article","og_title":"Mentions l\u00e9gales - Le Petit B\u00e9arnais","og_description":"Venez d\u00e9couvrir un brunch artisanal aux saveurs locales, nich\u00e9 \u00e0 Pau avec vue sur les Pyr\u00e9n\u00e9es.","og_url":"https:\/\/cm.gca-digital.fr\/CM2025-05\/mentions-legales\/","og_site_name":"Le Petit B\u00e9arnais","article_modified_time":"2025-06-19T12:55:16+00:00","twitter_card":"summary_large_image","twitter_misc":{"Dur\u00e9e de lecture estim\u00e9e":"2 minutes"},"schema":{"@context":"https:\/\/schema.org","@graph":[{"@type":"WebPage","@id":"https:\/\/cm.gca-digital.fr\/CM2025-05\/mentions-legales\/","url":"https:\/\/cm.gca-digital.fr\/CM2025-05\/mentions-legales\/","name":"Mentions l\u00e9gales - Le Petit B\u00e9arnais","isPartOf":{"@id":"https:\/\/cm.gca-digital.fr\/CM2025-05\/#website"},"datePublished":"2025-06-19T12:42:47+00:00","dateModified":"2025-06-19T12:55:16+00:00","description":"Venez d\u00e9couvrir un brunch artisanal aux saveurs locales, nich\u00e9 \u00e0 Pau avec vue sur les Pyr\u00e9n\u00e9es.","breadcrumb":{"@id":"https:\/\/cm.gca-digital.fr\/CM2025-05\/mentions-legales\/#breadcrumb"},"inLanguage":"fr-FR","potentialAction":[{"@type":"ReadAction","target":["https:\/\/cm.gca-digital.fr\/CM2025-05\/mentions-legales\/"]}]},{"@type":"BreadcrumbList","@id":"https:\/\/cm.gca-digital.fr\/CM2025-05\/mentions-legales\/#breadcrumb","itemListElement":[{"@type":"ListItem","position":1,"name":"Accueil","item":"https:\/\/cm.gca-digital.fr\/CM2025-05\/"},{"@type":"ListItem","position":2,"name":"Mentions l\u00e9gales"}]},{"@type":"WebSite","@id":"https:\/\/cm.gca-digital.fr\/CM2025-05\/#website","url":"https:\/\/cm.gca-digital.fr\/CM2025-05\/","name":"Le Petit B\u00e9arnais","description":"Un brunch artisanal aux saveurs locales, nich\u00e9 \u00e0 Pau avec vue sur les Pyr\u00e9n\u00e9es","publisher":{"@id":"https:\/\/cm.gca-digital.fr\/CM2025-05\/#organization"},"potentialAction":[{"@type":"SearchAction","target":{"@type":"EntryPoint","urlTemplate":"https:\/\/cm.gca-digital.fr\/CM2025-05\/?s={search_term_string}"},"query-input":{"@type":"PropertyValueSpecification","valueRequired":true,"valueName":"search_term_string"}}],"inLanguage":"fr-FR"},{"@type":"Organization","@id":"https:\/\/cm.gca-digital.fr\/CM2025-05\/#organization","name":"Le Petit B\u00e9arnais","url":"https:\/\/cm.gca-digital.fr\/CM2025-05\/","logo":{"@type":"ImageObject","inLanguage":"fr-FR","@id":"https:\/\/cm.gca-digital.fr\/CM2025-05\/#\/schema\/logo\/image\/","url":"https:\/\/cm.gca-digital.fr\/CM2025-05\/wp-content\/uploads\/2025\/06\/cropped-Logo-Le-Petit-Bearnais-2.png","contentUrl":"https:\/\/cm.gca-digital.fr\/CM2025-05\/wp-content\/uploads\/2025\/06\/cropped-Logo-Le-Petit-Bearnais-2.png","width":512,"height":512,"caption":"Le Petit B\u00e9arnais"},"image":{"@id":"https:\/\/cm.gca-digital.fr\/CM2025-05\/#\/schema\/logo\/image\/"}}]}},"_links":{"self":[{"href":"https:\/\/cm.gca-digital.fr\/CM2025-05\/wp-json\/wp\/v2\/pages\/1307","targetHints":{"allow":["GET"]}}],"collection":[{"href":"https:\/\/cm.gca-digital.fr\/CM2025-05\/wp-json\/wp\/v2\/pages"}],"about":[{"href":"https:\/\/cm.gca-digital.fr\/CM2025-05\/wp-json\/wp\/v2\/types\/page"}],"author":[{"embeddable":true,"href":"https:\/\/cm.gca-digital.fr\/CM2025-05\/wp-json\/wp\/v2\/users\/1"}],"replies":[{"embeddable":true,"href":"https:\/\/cm.gca-digital.fr\/CM2025-05\/wp-json\/wp\/v2\/comments?post=1307"}],"version-history":[{"count":7,"href":"https:\/\/cm.gca-digital.fr\/CM2025-05\/wp-json\/wp\/v2\/pages\/1307\/revisions"}],"predecessor-version":[{"id":1318,"href":"https:\/\/cm.gca-digital.fr\/CM2025-05\/wp-json\/wp\/v2\/pages\/1307\/revisions\/1318"}],"wp:attachment":[{"href":"https:\/\/cm.gca-digital.fr\/CM2025-05\/wp-json\/wp\/v2\/media?parent=1307"}],"curies":[{"name":"wp","href":"https:\/\/api.w.org\/{rel}","templated":true}]}}