{"id":1247,"date":"2025-06-19T09:36:41","date_gmt":"2025-06-19T07:36:41","guid":{"rendered":"https:\/\/cm.gca-digital.fr\/CM2025-06\/?page_id=1247"},"modified":"2025-06-20T09:05:45","modified_gmt":"2025-06-20T07:05:45","slug":"actualites","status":"publish","type":"page","link":"https:\/\/cm.gca-digital.fr\/CM2025-06\/actualites\/","title":{"rendered":"Actualit\u00e9s"},"content":{"rendered":"\t\t<div data-elementor-type=\"wp-page\" data-elementor-id=\"1247\" class=\"elementor elementor-1247\">\n\t\t\t\t\t\t<section class=\"elementor-section elementor-top-section elementor-element elementor-element-c7bde32 elementor-section-height-min-height elementor-section-boxed elementor-section-height-default elementor-section-items-middle\" data-id=\"c7bde32\" data-element_type=\"section\" data-e-type=\"section\" data-settings=\"{&quot;background_background&quot;:&quot;classic&quot;,&quot;shape_divider_bottom&quot;:&quot;pyramids&quot;}\">\n\t\t\t\t\t\t\t<div class=\"elementor-background-overlay\"><\/div>\n\t\t\t\t\t\t<div class=\"elementor-shape elementor-shape-bottom\" aria-hidden=\"true\" data-negative=\"false\">\n\t\t\t<svg xmlns=\"http:\/\/www.w3.org\/2000\/svg\" viewBox=\"0 0 1000 100\" preserveAspectRatio=\"none\">\n\t<path class=\"elementor-shape-fill\" d=\"M761.9,44.1L643.1,27.2L333.8,98L0,3.8V0l1000,0v3.9\"\/>\n<\/svg>\t\t<\/div>\n\t\t\t\t\t<div class=\"elementor-container elementor-column-gap-default\">\n\t\t\t\t\t<div class=\"elementor-column elementor-col-100 elementor-top-column elementor-element elementor-element-8ca406c\" data-id=\"8ca406c\" data-element_type=\"column\" data-e-type=\"column\">\n\t\t\t<div class=\"elementor-widget-wrap elementor-element-populated\">\n\t\t\t\t\t\t<div class=\"elementor-element elementor-element-fb64808 elementor-widget-divider--view-line elementor-widget elementor-widget-divider\" data-id=\"fb64808\" data-element_type=\"widget\" data-e-type=\"widget\" data-widget_type=\"divider.default\">\n\t\t\t\t<div class=\"elementor-widget-container\">\n\t\t\t\t\t\t\t<div class=\"elementor-divider\">\n\t\t\t<span class=\"elementor-divider-separator\">\n\t\t\t\t\t\t<\/span>\n\t\t<\/div>\n\t\t\t\t\t\t<\/div>\n\t\t\t\t<\/div>\n\t\t\t\t<div class=\"elementor-element elementor-element-5c316fb elementor-widget elementor-widget-heading\" data-id=\"5c316fb\" data-element_type=\"widget\" data-e-type=\"widget\" data-widget_type=\"heading.default\">\n\t\t\t\t<div class=\"elementor-widget-container\">\n\t\t\t\t\t<h1 class=\"elementor-heading-title elementor-size-default\">actualit\u00e9s<\/h1>\t\t\t\t<\/div>\n\t\t\t\t<\/div>\n\t\t\t\t\t<\/div>\n\t\t<\/div>\n\t\t\t\t\t<\/div>\n\t\t<\/section>\n\t\t<div class=\"elementor-element elementor-element-b465fbb e-flex e-con-boxed e-con e-parent\" data-id=\"b465fbb\" data-element_type=\"container\" data-e-type=\"container\">\n\t\t\t\t\t<div class=\"e-con-inner\">\n\t\t\t\t<div class=\"elementor-element elementor-element-046d366 elementor-widget elementor-widget-spacer\" data-id=\"046d366\" data-element_type=\"widget\" data-e-type=\"widget\" data-widget_type=\"spacer.default\">\n\t\t\t\t<div class=\"elementor-widget-container\">\n\t\t\t\t\t\t\t<div class=\"elementor-spacer\">\n\t\t\t<div class=\"elementor-spacer-inner\"><\/div>\n\t\t<\/div>\n\t\t\t\t\t\t<\/div>\n\t\t\t\t<\/div>\n\t\t\t\t<div class=\"elementor-element elementor-element-67f1132 elementor-grid-eael-col-2 elementor-grid-tablet-eael-col-2 elementor-grid-mobile-eael-col-1 elementor-invisible elementor-widget elementor-widget-eael-post-grid\" data-id=\"67f1132\" data-element_type=\"widget\" data-e-type=\"widget\" data-settings=\"{&quot;eael_post_grid_columns&quot;:&quot;eael-col-2&quot;,&quot;_animation&quot;:&quot;fadeIn&quot;,&quot;_animation_delay&quot;:100,&quot;eael_post_grid_columns_tablet&quot;:&quot;eael-col-2&quot;,&quot;eael_post_grid_columns_mobile&quot;:&quot;eael-col-1&quot;}\" data-widget_type=\"eael-post-grid.default\">\n\t\t\t\t<div class=\"elementor-widget-container\">\n\t\t\t\t\t<div id=\"eael-post-grid-67f1132\" class=\"eael-post-grid-container\">\n            <div class=\"eael-post-grid eael-post-appender eael-post-appender-67f1132 eael-post-grid-style-one\" data-layout-mode=\"grid\"><article class=\"eael-grid-post  eael-post-grid-column eael-pg-post-1305 category-non-classe\" data-id=\"1305\">\n        <div class=\"eael-grid-post-holder\">\n            <div class=\"eael-grid-post-holder-inner\"><div class=\"eael-entry-wrapper\"><header class=\"eael-entry-header\"><h2 class=\"eael-entry-title\"><a class=\"eael-grid-post-link\" href=\"https:\/\/cm.gca-digital.fr\/CM2025-06\/2025\/06\/19\/dejeunez-autrement-chez-le-petit-bearnais\/\" title=\"D\u00e9jeunez autrement chez Le Petit B\u00e9arnais\">D\u00e9jeunez autrement chez Le Petit B\u00e9arnais<\/a><\/h2><\/header><div class=\"eael-entry-header-after\"><div class=\"eael-entry-meta\"><span class=\"eael-posted-by\"><a href=\"https:\/\/cm.gca-digital.fr\/CM2025-06\/author\/cm2025-06\/\" title=\"Posts by CM2025-06\" rel=\"author\">CM2025-06<\/a><\/span><span class=\"eael-posted-on\"><time datetime=\"19 juin 2025\">19 juin 2025<\/time><\/span><\/div><\/div><div class=\"eael-entry-content\">\n                        <div class=\"eael-grid-post-excerpt\"><p>Notre caf\u00e9-brunch vous pr\u00e9pare toute la semaine des plats,...<\/p><a href=\"https:\/\/cm.gca-digital.fr\/CM2025-06\/2025\/06\/19\/dejeunez-autrement-chez-le-petit-bearnais\/\" class=\"eael-post-elements-readmore-btn\">Lire la suite...<\/a><\/div>\n                    <\/div><\/div><\/div>\n        <\/div>\n    <\/article><article class=\"eael-grid-post  eael-post-grid-column eael-pg-post-1 category-non-classe\" data-id=\"1\">\n        <div class=\"eael-grid-post-holder\">\n            <div class=\"eael-grid-post-holder-inner\"><div class=\"eael-entry-wrapper\"><header class=\"eael-entry-header\"><h2 class=\"eael-entry-title\"><a class=\"eael-grid-post-link\" href=\"https:\/\/cm.gca-digital.fr\/CM2025-06\/2025\/06\/18\/bonjour-tout-le-monde\/\" title=\"\ud83c\udf3f L\u2019\u00e9t\u00e9 s\u2019invite dans vos assiettes : d\u00e9couvrez notre nouveau menu brunch !\">\ud83c\udf3f L\u2019\u00e9t\u00e9 s\u2019invite dans vos assiettes : d\u00e9couvrez notre nouveau menu brunch !<\/a><\/h2><\/header><div class=\"eael-entry-header-after\"><div class=\"eael-entry-meta\"><span class=\"eael-posted-by\"><a href=\"https:\/\/cm.gca-digital.fr\/CM2025-06\/author\/cm2025-06\/\" title=\"Posts by CM2025-06\" rel=\"author\">CM2025-06<\/a><\/span><span class=\"eael-posted-on\"><time datetime=\"18 juin 2025\">18 juin 2025<\/time><\/span><\/div><\/div><div class=\"eael-entry-content\">\n                        <div class=\"eael-grid-post-excerpt\"><p>Chez Le Petit B\u00e9arnais, chaque saison est une occasion...<\/p><a href=\"https:\/\/cm.gca-digital.fr\/CM2025-06\/2025\/06\/18\/bonjour-tout-le-monde\/\" class=\"eael-post-elements-readmore-btn\">Lire la suite...<\/a><\/div>\n                    <\/div><\/div><\/div>\n        <\/div>\n    <\/article><\/div>\n            <div class=\"clearfix\"><\/div>\n        <\/div>\t\t\t\t<\/div>\n\t\t\t\t<\/div>\n\t\t\t\t\t<\/div>\n\t\t\t\t<\/div>\n\t\t<div class=\"elementor-element elementor-element-8381a5a e-flex e-con-boxed e-con e-parent\" data-id=\"8381a5a\" data-element_type=\"container\" data-e-type=\"container\">\n\t\t\t\t\t<div class=\"e-con-inner\">\n\t\t\t\t<div class=\"elementor-element elementor-element-b04db77 elementor-widget elementor-widget-spacer\" data-id=\"b04db77\" data-element_type=\"widget\" data-e-type=\"widget\" data-widget_type=\"spacer.default\">\n\t\t\t\t<div class=\"elementor-widget-container\">\n\t\t\t\t\t\t\t<div class=\"elementor-spacer\">\n\t\t\t<div class=\"elementor-spacer-inner\"><\/div>\n\t\t<\/div>\n\t\t\t\t\t\t<\/div>\n\t\t\t\t<\/div>\n\t\t\t\t\t<\/div>\n\t\t\t\t<\/div>\n\t\t\t\t<\/div>\n\t\t","protected":false},"excerpt":{"rendered":"<p>actualit\u00e9s D\u00e9jeunez autrement chez Le Petit B\u00e9arnais CM2025-0619 juin 2025 Notre caf\u00e9-brunch vous pr\u00e9pare toute la semaine des plats,&#8230; Lire la suite&#8230; \ud83c\udf3f L\u2019\u00e9t\u00e9 s\u2019invite dans vos assiettes : d\u00e9couvrez notre nouveau menu brunch ! CM2025-0618 juin 2025 Chez Le Petit B\u00e9arnais, chaque saison est une occasion&#8230; Lire la suite&#8230;<\/p>\n","protected":false},"author":1,"featured_media":0,"parent":0,"menu_order":0,"comment_status":"closed","ping_status":"closed","template":"","meta":{"ocean_post_layout":"full-screen","ocean_both_sidebars_style":"","ocean_both_sidebars_content_width":0,"ocean_both_sidebars_sidebars_width":0,"ocean_sidebar":"0","ocean_second_sidebar":"0","ocean_disable_margins":"on","ocean_add_body_class":"","ocean_shortcode_before_top_bar":"","ocean_shortcode_after_top_bar":"","ocean_shortcode_before_header":"","ocean_shortcode_after_header":"","ocean_has_shortcode":"","ocean_shortcode_after_title":"","ocean_shortcode_before_footer_widgets":"","ocean_shortcode_after_footer_widgets":"","ocean_shortcode_before_footer_bottom":"","ocean_shortcode_after_footer_bottom":"","ocean_display_top_bar":"default","ocean_display_header":"default","ocean_header_style":"transparent","ocean_center_header_left_menu":"0","ocean_custom_header_template":"0","ocean_custom_logo":0,"ocean_custom_retina_logo":0,"ocean_custom_logo_max_width":0,"ocean_custom_logo_tablet_max_width":0,"ocean_custom_logo_mobile_max_width":0,"ocean_custom_logo_max_height":0,"ocean_custom_logo_tablet_max_height":0,"ocean_custom_logo_mobile_max_height":0,"ocean_header_custom_menu":"0","ocean_menu_typo_font_family":"0","ocean_menu_typo_font_subset":"","ocean_menu_typo_font_size":0,"ocean_menu_typo_font_size_tablet":0,"ocean_menu_typo_font_size_mobile":0,"ocean_menu_typo_font_size_unit":"px","ocean_menu_typo_font_weight":"","ocean_menu_typo_font_weight_tablet":"","ocean_menu_typo_font_weight_mobile":"","ocean_menu_typo_transform":"","ocean_menu_typo_transform_tablet":"","ocean_menu_typo_transform_mobile":"","ocean_menu_typo_line_height":0,"ocean_menu_typo_line_height_tablet":0,"ocean_menu_typo_line_height_mobile":0,"ocean_menu_typo_line_height_unit":"","ocean_menu_typo_spacing":0,"ocean_menu_typo_spacing_tablet":0,"ocean_menu_typo_spacing_mobile":0,"ocean_menu_typo_spacing_unit":"","ocean_menu_link_color":"#ffffff","ocean_menu_link_color_hover":"#6e8fef","ocean_menu_link_color_active":"#ffffff","ocean_menu_link_background":"","ocean_menu_link_hover_background":"","ocean_menu_link_active_background":"","ocean_menu_social_links_bg":"","ocean_menu_social_hover_links_bg":"","ocean_menu_social_links_color":"#ffffff","ocean_menu_social_hover_links_color":"#6e8fef","ocean_disable_title":"on","ocean_disable_heading":"default","ocean_post_title":"","ocean_post_subheading":"","ocean_post_title_style":"","ocean_post_title_background_color":"","ocean_post_title_background":0,"ocean_post_title_bg_image_position":"","ocean_post_title_bg_image_attachment":"","ocean_post_title_bg_image_repeat":"","ocean_post_title_bg_image_size":"","ocean_post_title_height":0,"ocean_post_title_bg_overlay":0.5,"ocean_post_title_bg_overlay_color":"","ocean_disable_breadcrumbs":"off","ocean_breadcrumbs_color":"","ocean_breadcrumbs_separator_color":"","ocean_breadcrumbs_links_color":"","ocean_breadcrumbs_links_hover_color":"","ocean_display_footer_widgets":"default","ocean_display_footer_bottom":"default","ocean_custom_footer_template":"0","footnotes":""},"class_list":["post-1247","page","type-page","status-publish","hentry","entry"],"yoast_head":"<!-- This site is optimized with the Yoast SEO plugin v27.4 - https:\/\/yoast.com\/product\/yoast-seo-wordpress\/ -->\n<title>Actualit\u00e9 - Le Petit B\u00e9arnais<\/title>\n<meta name=\"description\" content=\"D\u00e9couvrez l&#039;actualit\u00e9 du Petit B\u00e9arnais ! Nouveaut\u00e9s, \u00e9v\u00e8nements... retrouvez tout l&#039;actualit\u00e9 de votre caf\u00e9-brunch de Pau !\" \/>\n<meta name=\"robots\" content=\"index, follow, max-snippet:-1, max-image-preview:large, max-video-preview:-1\" \/>\n<link rel=\"canonical\" href=\"https:\/\/cm.gca-digital.fr\/CM2025-06\/actualites\/\" \/>\n<meta property=\"og:locale\" content=\"fr_FR\" \/>\n<meta property=\"og:type\" content=\"article\" \/>\n<meta property=\"og:title\" content=\"Actualit\u00e9 - Le Petit B\u00e9arnais\" \/>\n<meta property=\"og:description\" content=\"D\u00e9couvrez l&#039;actualit\u00e9 du Petit B\u00e9arnais ! Nouveaut\u00e9s, \u00e9v\u00e8nements... retrouvez tout l&#039;actualit\u00e9 de votre caf\u00e9-brunch de Pau !\" \/>\n<meta property=\"og:url\" content=\"https:\/\/cm.gca-digital.fr\/CM2025-06\/actualites\/\" \/>\n<meta property=\"og:site_name\" content=\"Le Petit B\u00e9arnais\" \/>\n<meta property=\"article:modified_time\" content=\"2025-06-20T07:05:45+00:00\" \/>\n<meta name=\"twitter:card\" content=\"summary_large_image\" \/>\n<meta name=\"twitter:label1\" content=\"Dur\u00e9e de lecture estim\u00e9e\" \/>\n\t<meta name=\"twitter:data1\" content=\"1 minute\" \/>\n<script type=\"application\/ld+json\" class=\"yoast-schema-graph\">{\"@context\":\"https:\\\/\\\/schema.org\",\"@graph\":[{\"@type\":\"WebPage\",\"@id\":\"https:\\\/\\\/cm.gca-digital.fr\\\/CM2025-06\\\/actualites\\\/\",\"url\":\"https:\\\/\\\/cm.gca-digital.fr\\\/CM2025-06\\\/actualites\\\/\",\"name\":\"Actualit\u00e9 - Le Petit B\u00e9arnais\",\"isPartOf\":{\"@id\":\"https:\\\/\\\/cm.gca-digital.fr\\\/CM2025-06\\\/#website\"},\"datePublished\":\"2025-06-19T07:36:41+00:00\",\"dateModified\":\"2025-06-20T07:05:45+00:00\",\"description\":\"D\u00e9couvrez l'actualit\u00e9 du Petit B\u00e9arnais ! Nouveaut\u00e9s, \u00e9v\u00e8nements... retrouvez tout l'actualit\u00e9 de votre caf\u00e9-brunch de Pau !\",\"breadcrumb\":{\"@id\":\"https:\\\/\\\/cm.gca-digital.fr\\\/CM2025-06\\\/actualites\\\/#breadcrumb\"},\"inLanguage\":\"fr-FR\",\"potentialAction\":[{\"@type\":\"ReadAction\",\"target\":[\"https:\\\/\\\/cm.gca-digital.fr\\\/CM2025-06\\\/actualites\\\/\"]}]},{\"@type\":\"BreadcrumbList\",\"@id\":\"https:\\\/\\\/cm.gca-digital.fr\\\/CM2025-06\\\/actualites\\\/#breadcrumb\",\"itemListElement\":[{\"@type\":\"ListItem\",\"position\":1,\"name\":\"Accueil\",\"item\":\"https:\\\/\\\/cm.gca-digital.fr\\\/CM2025-06\\\/\"},{\"@type\":\"ListItem\",\"position\":2,\"name\":\"Actualit\u00e9s\"}]},{\"@type\":\"WebSite\",\"@id\":\"https:\\\/\\\/cm.gca-digital.fr\\\/CM2025-06\\\/#website\",\"url\":\"https:\\\/\\\/cm.gca-digital.fr\\\/CM2025-06\\\/\",\"name\":\"Le Petit B\u00e9arnais\",\"description\":\"\",\"publisher\":{\"@id\":\"https:\\\/\\\/cm.gca-digital.fr\\\/CM2025-06\\\/#organization\"},\"potentialAction\":[{\"@type\":\"SearchAction\",\"target\":{\"@type\":\"EntryPoint\",\"urlTemplate\":\"https:\\\/\\\/cm.gca-digital.fr\\\/CM2025-06\\\/?s={search_term_string}\"},\"query-input\":{\"@type\":\"PropertyValueSpecification\",\"valueRequired\":true,\"valueName\":\"search_term_string\"}}],\"inLanguage\":\"fr-FR\"},{\"@type\":\"Organization\",\"@id\":\"https:\\\/\\\/cm.gca-digital.fr\\\/CM2025-06\\\/#organization\",\"name\":\"Le Petit B\u00e9arnais\",\"url\":\"https:\\\/\\\/cm.gca-digital.fr\\\/CM2025-06\\\/\",\"logo\":{\"@type\":\"ImageObject\",\"inLanguage\":\"fr-FR\",\"@id\":\"https:\\\/\\\/cm.gca-digital.fr\\\/CM2025-06\\\/#\\\/schema\\\/logo\\\/image\\\/\",\"url\":\"https:\\\/\\\/cm.gca-digital.fr\\\/CM2025-06\\\/wp-content\\\/uploads\\\/2025\\\/06\\\/Logo-Le-Petit-Bearnais.jpg\",\"contentUrl\":\"https:\\\/\\\/cm.gca-digital.fr\\\/CM2025-06\\\/wp-content\\\/uploads\\\/2025\\\/06\\\/Logo-Le-Petit-Bearnais.jpg\",\"width\":1024,\"height\":1024,\"caption\":\"Le Petit B\u00e9arnais\"},\"image\":{\"@id\":\"https:\\\/\\\/cm.gca-digital.fr\\\/CM2025-06\\\/#\\\/schema\\\/logo\\\/image\\\/\"}}]}<\/script>\n<!-- \/ Yoast SEO plugin. -->","yoast_head_json":{"title":"Actualit\u00e9 - Le Petit B\u00e9arnais","description":"D\u00e9couvrez l'actualit\u00e9 du Petit B\u00e9arnais ! Nouveaut\u00e9s, \u00e9v\u00e8nements... retrouvez tout l'actualit\u00e9 de votre caf\u00e9-brunch de Pau !","robots":{"index":"index","follow":"follow","max-snippet":"max-snippet:-1","max-image-preview":"max-image-preview:large","max-video-preview":"max-video-preview:-1"},"canonical":"https:\/\/cm.gca-digital.fr\/CM2025-06\/actualites\/","og_locale":"fr_FR","og_type":"article","og_title":"Actualit\u00e9 - Le Petit B\u00e9arnais","og_description":"D\u00e9couvrez l'actualit\u00e9 du Petit B\u00e9arnais ! Nouveaut\u00e9s, \u00e9v\u00e8nements... retrouvez tout l'actualit\u00e9 de votre caf\u00e9-brunch de Pau !","og_url":"https:\/\/cm.gca-digital.fr\/CM2025-06\/actualites\/","og_site_name":"Le Petit B\u00e9arnais","article_modified_time":"2025-06-20T07:05:45+00:00","twitter_card":"summary_large_image","twitter_misc":{"Dur\u00e9e de lecture estim\u00e9e":"1 minute"},"schema":{"@context":"https:\/\/schema.org","@graph":[{"@type":"WebPage","@id":"https:\/\/cm.gca-digital.fr\/CM2025-06\/actualites\/","url":"https:\/\/cm.gca-digital.fr\/CM2025-06\/actualites\/","name":"Actualit\u00e9 - Le Petit B\u00e9arnais","isPartOf":{"@id":"https:\/\/cm.gca-digital.fr\/CM2025-06\/#website"},"datePublished":"2025-06-19T07:36:41+00:00","dateModified":"2025-06-20T07:05:45+00:00","description":"D\u00e9couvrez l'actualit\u00e9 du Petit B\u00e9arnais ! Nouveaut\u00e9s, \u00e9v\u00e8nements... retrouvez tout l'actualit\u00e9 de votre caf\u00e9-brunch de Pau !","breadcrumb":{"@id":"https:\/\/cm.gca-digital.fr\/CM2025-06\/actualites\/#breadcrumb"},"inLanguage":"fr-FR","potentialAction":[{"@type":"ReadAction","target":["https:\/\/cm.gca-digital.fr\/CM2025-06\/actualites\/"]}]},{"@type":"BreadcrumbList","@id":"https:\/\/cm.gca-digital.fr\/CM2025-06\/actualites\/#breadcrumb","itemListElement":[{"@type":"ListItem","position":1,"name":"Accueil","item":"https:\/\/cm.gca-digital.fr\/CM2025-06\/"},{"@type":"ListItem","position":2,"name":"Actualit\u00e9s"}]},{"@type":"WebSite","@id":"https:\/\/cm.gca-digital.fr\/CM2025-06\/#website","url":"https:\/\/cm.gca-digital.fr\/CM2025-06\/","name":"Le Petit B\u00e9arnais","description":"","publisher":{"@id":"https:\/\/cm.gca-digital.fr\/CM2025-06\/#organization"},"potentialAction":[{"@type":"SearchAction","target":{"@type":"EntryPoint","urlTemplate":"https:\/\/cm.gca-digital.fr\/CM2025-06\/?s={search_term_string}"},"query-input":{"@type":"PropertyValueSpecification","valueRequired":true,"valueName":"search_term_string"}}],"inLanguage":"fr-FR"},{"@type":"Organization","@id":"https:\/\/cm.gca-digital.fr\/CM2025-06\/#organization","name":"Le Petit B\u00e9arnais","url":"https:\/\/cm.gca-digital.fr\/CM2025-06\/","logo":{"@type":"ImageObject","inLanguage":"fr-FR","@id":"https:\/\/cm.gca-digital.fr\/CM2025-06\/#\/schema\/logo\/image\/","url":"https:\/\/cm.gca-digital.fr\/CM2025-06\/wp-content\/uploads\/2025\/06\/Logo-Le-Petit-Bearnais.jpg","contentUrl":"https:\/\/cm.gca-digital.fr\/CM2025-06\/wp-content\/uploads\/2025\/06\/Logo-Le-Petit-Bearnais.jpg","width":1024,"height":1024,"caption":"Le Petit B\u00e9arnais"},"image":{"@id":"https:\/\/cm.gca-digital.fr\/CM2025-06\/#\/schema\/logo\/image\/"}}]}},"_links":{"self":[{"href":"https:\/\/cm.gca-digital.fr\/CM2025-06\/wp-json\/wp\/v2\/pages\/1247","targetHints":{"allow":["GET"]}}],"collection":[{"href":"https:\/\/cm.gca-digital.fr\/CM2025-06\/wp-json\/wp\/v2\/pages"}],"about":[{"href":"https:\/\/cm.gca-digital.fr\/CM2025-06\/wp-json\/wp\/v2\/types\/page"}],"author":[{"embeddable":true,"href":"https:\/\/cm.gca-digital.fr\/CM2025-06\/wp-json\/wp\/v2\/users\/1"}],"replies":[{"embeddable":true,"href":"https:\/\/cm.gca-digital.fr\/CM2025-06\/wp-json\/wp\/v2\/comments?post=1247"}],"version-history":[{"count":29,"href":"https:\/\/cm.gca-digital.fr\/CM2025-06\/wp-json\/wp\/v2\/pages\/1247\/revisions"}],"predecessor-version":[{"id":1507,"href":"https:\/\/cm.gca-digital.fr\/CM2025-06\/wp-json\/wp\/v2\/pages\/1247\/revisions\/1507"}],"wp:attachment":[{"href":"https:\/\/cm.gca-digital.fr\/CM2025-06\/wp-json\/wp\/v2\/media?parent=1247"}],"curies":[{"name":"wp","href":"https:\/\/api.w.org\/{rel}","templated":true}]}}